{"id":996,"date":"2020-08-20T15:25:01","date_gmt":"2020-08-20T16:25:01","guid":{"rendered":"https:\/\/ipc.innovatmedialab.com\/?post_type=patromonio-imaterial&#038;p=996"},"modified":"2021-05-10T11:23:06","modified_gmt":"2021-05-10T12:23:06","slug":"sao-joao-brava","status":"publish","type":"patromonio-imaterial","link":"https:\/\/ipc.cv\/fr\/patromonio-imaterial\/sao-joao-brava\/","title":{"rendered":"S\u00e3o Jo\u00e3o -Brava"},"content":{"rendered":"<p>O Patrim\u00f3nio Cultural Imaterial (PCI) \u00e9 um conceito relativamente novo no quotidiano do cabo-verdiano. \u00c0 luz das Conven\u00e7\u00e3o da UNESCO para Salvaguarda do Patrim\u00f3nio Cultural Imaterial, PCI agrega o conjunto de \u201cpr\u00e1ticas, representa\u00e7\u00f5es, express\u00f5es, conhecimentos e t\u00e9cnicas \u2013 junto com instrumentos, objetos, artefactos e lugares culturais que lhes s\u00e3o associados &#8211; que as comunidades, os grupos e, em alguns casos, os indiv\u00edduos reconhecem como parte integrante de seu patrim\u00f3nio cultural\u201d.<\/p>","protected":false},"excerpt":{"rendered":"<p>O Patrim\u00f3nio Cultural Imaterial (PCI) \u00e9 um conceito relativamente novo no quotidiano do cabo-verdiano. \u00c0 luz das Conven\u00e7\u00e3o da UNESCO para Salvaguarda do Patrim\u00f3nio Cultural Imaterial, PCI agrega o conjunto&#8230;<\/p>","protected":false},"featured_media":631,"template":"","meta":[],"tags":[23],"class_list":["post-996","patromonio-imaterial","type-patromonio-imaterial","status-publish","has-post-thumbnail","hentry","tag-sao-joao-numa-ilha"],"_links":{"self":[{"href":"https:\/\/ipc.cv\/fr\/wp-json\/wp\/v2\/patromonio-imaterial\/996","targetHints":{"allow":["GET"]}}],"collection":[{"href":"https:\/\/ipc.cv\/fr\/wp-json\/wp\/v2\/patromonio-imaterial"}],"about":[{"href":"https:\/\/ipc.cv\/fr\/wp-json\/wp\/v2\/types\/patromonio-imaterial"}],"wp:featuredmedia":[{"embeddable":true,"href":"https:\/\/ipc.cv\/fr\/wp-json\/wp\/v2\/media\/631"}],"wp:attachment":[{"href":"https:\/\/ipc.cv\/fr\/wp-json\/wp\/v2\/media?parent=996"}],"wp:term":[{"taxonomy":"post_tag","embeddable":true,"href":"https:\/\/ipc.cv\/fr\/wp-json\/wp\/v2\/tags?post=996"}],"curies":[{"name":"wp","href":"https:\/\/api.w.org\/{rel}","templated":true}]}}

São João -Brava

<p>O Património Cultural Imaterial (PCI) é um conceito relativamente novo no quotidiano do cabo-verdiano. À luz das Convenção da UNESCO para Salvaguarda do Património Cultural Imaterial, PCI agrega o conjunto de “práticas, representações, expressões, conhecimentos e técnicas – junto com instrumentos, objetos, artefactos e lugares culturais que lhes são associados &#8211; que as comunidades, os grupos e, em alguns casos, os indivíduos reconhecem como parte integrante de seu património cultural”.</p>

<p>O Património Cultural Imaterial (PCI) é um conceito relativamente novo no quotidiano do cabo-verdiano. À luz das Convenção da UNESCO para Salvaguarda do Património Cultural Imaterial, PCI agrega o conjunto&#8230;</p>
