{"id":849,"date":"2020-08-19T14:54:32","date_gmt":"2020-08-19T15:54:32","guid":{"rendered":"https:\/\/ipc.innovatmedialab.com\/?post_type=patromonio-imaterial&#038;p=849"},"modified":"2021-04-30T14:57:05","modified_gmt":"2021-04-30T15:57:05","slug":"morna-patrimonio-cultural-imaterial-da-humanidade","status":"publish","type":"patromonio-imaterial","link":"https:\/\/ipc.cv\/fr\/patromonio-imaterial\/morna-patrimonio-cultural-imaterial-da-humanidade\/","title":{"rendered":"Morna &#8211; Patrim\u00f3nio Cultural Imaterial da Humanidade"},"content":{"rendered":"<div class=\"wp-block-ub-expand ub-expand\" id=\"ub-expand-60a28727-242b-40a7-8e36-28f07d81083a\" data-scroll-type=\"false\" data-scroll-amount=\"\" data-scroll-target=\"\">\n<div class=\"ub-expand-portion ub-expand-partial wp-block-ub-expand-portion\" id=\"ub-expand-partial-60a28727-242b-40a7-8e36-28f07d81083a\" aria-hidden=\"false\">\n\t\t\t\n\n<p>Geralmente acompanhada por instrumentos ac\u00fasticos como a viola, o cavaquinho, o violino, o piano e, mais\u00a0recentemente, a percuss\u00e3o e o baixo, \u00e9, contudo, o viol\u00e3o, o instrumento de excel\u00eancia da morna, permitindo\u00a0os baixos corridos (designados bord\u00f5es), a ampla utiliza\u00e7\u00e3o de acordes de transi\u00e7\u00e3o (meio-tom ) e o\u00a0favorecimento das condo\u00eddas Txoradinhas (sons agudos e arpejados).<\/p>\n\n\n\n<p>Este g\u00e9nero musical pode ser apreciado em variadas situa\u00e7\u00f5es e ambientes tendo lugar tanto em recintos\u00a0fechados (bares, restaurantes etc.), onde decorrem as famosas \u201cnoites cabo-verdianas\u201d, como em outros\u00a0meios descontra\u00eddos, sob a luz do luar ou cheirando a maresia. Sem esquecer da forte presen\u00e7a da morna\u00a0em certos ritos de passagem (Sete e Ex\u00e9quias), \u00e9 de se registar, ainda, em certas ilhas, a pr\u00e1tica da serenata\u00a0ao relento, por baixo de uma janela de uma amada, amigo ou ente querido.<\/p>\n\n\n\t\t\t<a id=\"ub-expand-toggle-partial-60a28727-242b-40a7-8e36-28f07d81083a\" class=\"ub-expand-toggle-button\" style=\"text-align: left; \" role=\"button\" aria-expanded=\"false\" aria-controls=\"ub-expand-full-60a28727-242b-40a7-8e36-28f07d81083a\" tabindex=\"0\">\n\t\t\t\tler mais\n\t\t\t<\/a>\n\t\t<\/div>\n\n<div class=\"ub-expand-portion ub-expand-full ub-hide wp-block-ub-expand-portion\" id=\"ub-expand-full-60a28727-242b-40a7-8e36-28f07d81083a\" aria-hidden=\"true\">\n\t\t\t\n\n<p>Reconhecendo a import\u00e2ncia do g\u00e9nero para o cabo-verdiano, a 27 de fevereiro de 2018, a casa magna nacional, instituiu o dia 3 de dezembro como o Dia Nacional da Morna. A data escolhida \u00e9 uma homenagem a um dos mais ilustres compositores de Cabo Verde, Francisco Xavier da Cruz &#8211; B.Leza. Um\u00a0ilustre compositor que deixou marcas hist\u00f3ricas na gera\u00e7\u00e3o dos m\u00fasicos cabo-verdianos, desde a sua \u00e9poca at\u00e9 atualidade.<\/p>\n\n\n\n<p>O Estado de Cabo Verde, atrav\u00e9s do Minist\u00e9rio da Cultura e das Industrias Criativas, submeteu \u00e0 Unesco, em Mar\u00e7o de 2018, o processo de\u00a0 candidatura da morna a Patrim\u00f3nio Cultural Imaterial da Humanidade.<\/p>\n\n\n\n<p><strong>11\u00a0de dezembro de 2019, fica marcado na hist\u00f3ria da na\u00e7\u00e3o cabo-verdiana como o dia da consagra\u00e7\u00e3o da Morna como Patrim\u00f3nio do Mundo. \u00a0Na 14\u00aa sess\u00e3o do Comit\u00e9 Intergovernamental para a Salvaguarda do Patrim\u00f3nio Cultural Imaterial, em Bogot\u00e1, Col\u00f4mbia, a Morna entrou para a Lista Representativa da UNESCO, figurando como Patrim\u00f3nio Cultural Imaterial da Humanidade.<\/strong><\/p>\n\n\n\t\t\t<a id=\"ub-expand-toggle-full-60a28727-242b-40a7-8e36-28f07d81083a\" class=\"ub-expand-toggle-button\" style=\"text-align: left; \" role=\"button\" aria-expanded=\"true\" aria-controls=\"ub-expand-full-60a28727-242b-40a7-8e36-28f07d81083a\" tabindex=\"0\">\n\t\t\t\tler menus\n\t\t\t<\/a>\n\t\t<\/div>\n<\/div>","protected":false},"excerpt":{"rendered":"<p>Geralmente acompanhada por instrumentos ac\u00fasticos como a viola, o cavaquinho, o violino, o piano e, mais recentemente, a percuss\u00e3o<\/p>","protected":false},"featured_media":632,"template":"","meta":[],"tags":[45],"class_list":["post-849","patromonio-imaterial","type-patromonio-imaterial","status-publish","has-post-thumbnail","hentry","tag-patrimonio-imaterial"],"_links":{"self":[{"href":"https:\/\/ipc.cv\/fr\/wp-json\/wp\/v2\/patromonio-imaterial\/849","targetHints":{"allow":["GET"]}}],"collection":[{"href":"https:\/\/ipc.cv\/fr\/wp-json\/wp\/v2\/patromonio-imaterial"}],"about":[{"href":"https:\/\/ipc.cv\/fr\/wp-json\/wp\/v2\/types\/patromonio-imaterial"}],"wp:featuredmedia":[{"embeddable":true,"href":"https:\/\/ipc.cv\/fr\/wp-json\/wp\/v2\/media\/632"}],"wp:attachment":[{"href":"https:\/\/ipc.cv\/fr\/wp-json\/wp\/v2\/media?parent=849"}],"wp:term":[{"taxonomy":"post_tag","embeddable":true,"href":"https:\/\/ipc.cv\/fr\/wp-json\/wp\/v2\/tags?post=849"}],"curies":[{"name":"wp","href":"https:\/\/api.w.org\/{rel}","templated":true}]}}

Morna &#8211; Património Cultural Imaterial da Humanidade

<div class="wp-block-ub-expand ub-expand" id="ub-expand-60a28727-242b-40a7-8e36-28f07d81083a" data-scroll-type="false" data-scroll-amount="" data-scroll-target="">
<div class="ub-expand-portion ub-expand-partial wp-block-ub-expand-portion" id="ub-expand-partial-60a28727-242b-40a7-8e36-28f07d81083a" aria-hidden="false">
			

<p>Geralmente acompanhada por instrumentos acústicos como a viola, o cavaquinho, o violino, o piano e, mais recentemente, a percussão e o baixo, é, contudo, o violão, o instrumento de excelência da morna, permitindo os baixos corridos (designados bordões), a ampla utilização de acordes de transição (meio-tom ) e o favorecimento das condoídas Txoradinhas (sons agudos e arpejados).</p>



<p>Este género musical pode ser apreciado em variadas situações e ambientes tendo lugar tanto em recintos fechados (bares, restaurantes etc.), onde decorrem as famosas “noites cabo-verdianas”, como em outros meios descontraídos, sob a luz do luar ou cheirando a maresia. Sem esquecer da forte presença da morna em certos ritos de passagem (Sete e Exéquias), é de se registar, ainda, em certas ilhas, a prática da serenata ao relento, por baixo de uma janela de uma amada, amigo ou ente querido.</p>


			<a id="ub-expand-toggle-partial-60a28727-242b-40a7-8e36-28f07d81083a" class="ub-expand-toggle-button" style="text-align: left; " role="button" aria-expanded="false" aria-controls="ub-expand-full-60a28727-242b-40a7-8e36-28f07d81083a" tabindex="0">
				ler mais
			</a>
		</div>

<div class="ub-expand-portion ub-expand-full ub-hide wp-block-ub-expand-portion" id="ub-expand-full-60a28727-242b-40a7-8e36-28f07d81083a" aria-hidden="true">
			

<p>Reconhecendo a importância do género para o cabo-verdiano, a 27 de fevereiro de 2018, a casa magna nacional, instituiu o dia 3 de dezembro como o Dia Nacional da Morna. A data escolhida é uma homenagem a um dos mais ilustres compositores de Cabo Verde, Francisco Xavier da Cruz &#8211; B.Leza. Um ilustre compositor que deixou marcas históricas na geração dos músicos cabo-verdianos, desde a sua época até atualidade.</p>



<p>O Estado de Cabo Verde, através do Ministério da Cultura e das Industrias Criativas, submeteu à Unesco, em Março de 2018, o processo de  candidatura da morna a Património Cultural Imaterial da Humanidade.</p>



<p><strong>11 de dezembro de 2019, fica marcado na história da nação cabo-verdiana como o dia da consagração da Morna como Património do Mundo.  Na 14ª sessão do Comité Intergovernamental para a Salvaguarda do Património Cultural Imaterial, em Bogotá, Colômbia, a Morna entrou para a Lista Representativa da UNESCO, figurando como Património Cultural Imaterial da Humanidade.</strong></p>


			<a id="ub-expand-toggle-full-60a28727-242b-40a7-8e36-28f07d81083a" class="ub-expand-toggle-button" style="text-align: left; " role="button" aria-expanded="true" aria-controls="ub-expand-full-60a28727-242b-40a7-8e36-28f07d81083a" tabindex="0">
				ler menus
			</a>
		</div>
</div>

<p>Geralmente acompanhada por instrumentos acústicos como a viola, o cavaquinho, o violino, o piano e, mais recentemente, a percussão</p>
