{"id":846,"date":"2020-08-19T14:50:41","date_gmt":"2020-08-19T15:50:41","guid":{"rendered":"https:\/\/ipc.innovatmedialab.com\/?post_type=patromonio-imaterial&#038;p=846"},"modified":"2021-05-10T16:00:09","modified_gmt":"2021-05-10T17:00:09","slug":"festividades-de-sao-joao","status":"publish","type":"patromonio-imaterial","link":"https:\/\/ipc.cv\/fr\/patromonio-imaterial\/festividades-de-sao-joao\/","title":{"rendered":"Festividades de S\u00e3o Jo\u00e3o"},"content":{"rendered":"<p>O IPC, atrav\u00e9s da DPI realizou, em 2017, um invent\u00e1rio de base comunit\u00e1rio nas comunidades detentoras desta festividade, a saber, Porto Novo (Santo Ant\u00e3o), Nova Sintra (Brava) e S. Vicente. Nas outras ilhas onde ela \u00e9 celebra, foram realizadas opera\u00e7\u00f5es de mapeamento do Patrim\u00f3nio Imaterial.<\/p>\n\n\n\n<p>A 23 de novembro de 2017, &#8220;San Jon&#8221; foi classificado como Patrim\u00f3nio Cultural Imaterial de Cabo Verde, pela resolu\u00e7\u00e3o do conselho de Ministros, apoiada nos crit\u00e9rios da continuidade do bem e sua relev\u00e2ncia nacional para a mem\u00f3ria e identidade.&nbsp;<\/p>","protected":false},"excerpt":{"rendered":"<p>O IPC, atrav\u00e9s da DPI realizou, em 2017, um invent\u00e1rio de base comunit\u00e1rio nas comunidades detentoras desta festividade, a<\/p>","protected":false},"featured_media":631,"template":"","meta":[],"tags":[15,23],"class_list":["post-846","patromonio-imaterial","type-patromonio-imaterial","status-publish","has-post-thumbnail","hentry","tag-festividades","tag-sao-joao-numa-ilha"],"_links":{"self":[{"href":"https:\/\/ipc.cv\/fr\/wp-json\/wp\/v2\/patromonio-imaterial\/846","targetHints":{"allow":["GET"]}}],"collection":[{"href":"https:\/\/ipc.cv\/fr\/wp-json\/wp\/v2\/patromonio-imaterial"}],"about":[{"href":"https:\/\/ipc.cv\/fr\/wp-json\/wp\/v2\/types\/patromonio-imaterial"}],"wp:featuredmedia":[{"embeddable":true,"href":"https:\/\/ipc.cv\/fr\/wp-json\/wp\/v2\/media\/631"}],"wp:attachment":[{"href":"https:\/\/ipc.cv\/fr\/wp-json\/wp\/v2\/media?parent=846"}],"wp:term":[{"taxonomy":"post_tag","embeddable":true,"href":"https:\/\/ipc.cv\/fr\/wp-json\/wp\/v2\/tags?post=846"}],"curies":[{"name":"wp","href":"https:\/\/api.w.org\/{rel}","templated":true}]}}

Festividades de São João

<p>O IPC, através da DPI realizou, em 2017, um inventário de base comunitário nas comunidades detentoras desta festividade, a saber, Porto Novo (Santo Antão), Nova Sintra (Brava) e S. Vicente. Nas outras ilhas onde ela é celebra, foram realizadas operações de mapeamento do Património Imaterial.</p>



<p>A 23 de novembro de 2017, &#8220;San Jon&#8221; foi classificado como Património Cultural Imaterial de Cabo Verde, pela resolução do conselho de Ministros, apoiada nos critérios da continuidade do bem e sua relevância nacional para a memória e identidade.&nbsp;</p>

<p>O IPC, através da DPI realizou, em 2017, um inventário de base comunitário nas comunidades detentoras desta festividade, a</p>
