{"id":838,"date":"2020-08-18T18:08:37","date_gmt":"2020-08-18T19:08:37","guid":{"rendered":"https:\/\/ipc.innovatmedialab.com\/?post_type=museus&#038;p=838"},"modified":"2024-11-27T10:37:04","modified_gmt":"2024-11-27T11:37:04","slug":"museu-da-tabanca","status":"publish","type":"museus","link":"https:\/\/ipc.cv\/fr\/museus\/museu-da-tabanca\/","title":{"rendered":"Museu da Tabanca"},"content":{"rendered":"<div class=\"wp-block-ub-expand ub-expand\" id=\"ub-expand-806a6421-877a-4d18-be25-34039841cd2c\" data-scroll-type=\"false\" data-scroll-amount=\"\" data-scroll-target=\"\">\n<div class=\"ub-expand-portion ub-expand-partial wp-block-ub-expand-portion\" id=\"ub-expand-partial-bc4ba7d8-0113-450c-9c1f-d02bedccacfd\" aria-hidden=\"false\">\n\t\t\t\n\n<p>A Tabanca \u00e9 uma manifesta\u00e7\u00e3o cultural, ancestral, praticada nas ilhas de Santiago e do Maio, e que reflete a origem da cultura Cabo-verdiana \u2013 a miscigena\u00e7\u00e3o das culturas europeias e africanas.<\/p>\n\n\n\n<p>Resultante de um esfor\u00e7o institucional para resgatar e preservar esta express\u00e3o cultural, em perigo de extin\u00e7\u00e3o, na \u00e9poca, criou-se, em fevereiro de 2000, no Centro da Cidade de Assomada, o espa\u00e7o denominado Centro Cultural \/ Museu da Tabanca. <\/p>\n\n\n\n<p>Em 2010 o Museu foi transferido para a comunidade de Ch\u00e3 de Tanque, onde atualmente se encontra, para honrar a din\u00e2mica desta comunidade em rela\u00e7\u00e3o \u00e0 manifesta\u00e7\u00e3o da tabanca. O acervo do Museu \u00e9 constitu\u00eddo por objetos recolhidos pela equipa do ent\u00e3o Instituto Nacional da Cultura, nos anos de 1993\/94 e pelo Instituto da Investiga\u00e7\u00e3o e do Patrim\u00f3nio Culturais, em 2006\/07 e 2008 em diferentes localidades da ilha de Santiago.<\/p>\n\n\n\n<p><\/p>\n\n\n\t\t\t<a id=\"ub-expand-toggle-partial-bc4ba7d8-0113-450c-9c1f-d02bedccacfd\" class=\"ub-expand-toggle-button\" style=\"text-align: left; \" role=\"button\" aria-expanded=\"false\" aria-controls=\"ub-expand-full-bc4ba7d8-0113-450c-9c1f-d02bedccacfd\" tabindex=\"0\">\n\t\t\t\tSaber Mais\n\t\t\t<\/a>\n\t\t<\/div>\n\n<div class=\"ub-expand-portion ub-expand-full ub-hide wp-block-ub-expand-portion\" id=\"ub-expand-full-bc4ba7d8-0113-450c-9c1f-d02bedccacfd\" aria-hidden=\"true\">\n\t\t\t\n\n<p>O Museu da Tabanca apresenta-se como um espa\u00e7o de conhecimento e de intera\u00e7\u00e3o entre a tabanca e a comunidade e procura atrav\u00e9s da sua cole\u00e7\u00e3o dar a conhecer a todo visitante a dimens\u00e3o social e cultural desta manifesta\u00e7\u00e3o. Toda a a\u00e7\u00e3o do museu \u00e9 orientada para o resgate, preservac\u00e3o e divulgac\u00e3o da tabanca enquanto manifesta\u00e7\u00e3o presente no cen\u00e1rio cultural cabo-verdiano; no apoio \u00e0 educa\u00e7\u00e3o e forma\u00e7\u00e3o da popula\u00e7\u00e3o. Para al\u00e9m do deleite do visitante, existe uma orienta\u00e7\u00e3o cultural e did\u00e1tica direcionada para a comunidade estudantil e para toda a comunidade da tabanca das diferentes localidades. <\/p>\n\n\n\n<p>A exposi\u00e7\u00e3o \u00e9 de car\u00e1cter permanente e os objetos retratam, o ritual sagrado e profaano, instrumentos musicais, trajes, objetos aleg\u00f3ricos, objetos da comensalidade e do batuque, ou seja, os momentos mais marcantes da celebra\u00e7\u00e3o da tabanca. <\/p>\n\n\n\n<p>Desde a sua instala\u00e7\u00e3o na localidade de Ch\u00e3 de Tanque, o Museu encerra uma forte voca\u00e7\u00e3o comunit\u00e1ria, amplamente apoiada pela comunidade e assume plenamente a sua componente educativa no seu sentido mais alargado.<\/p>\n\n\n\n<p><\/p>\n\n\n\t\t\t<a id=\"ub-expand-toggle-full-bc4ba7d8-0113-450c-9c1f-d02bedccacfd\" class=\"ub-expand-toggle-button\" style=\"text-align: left; \" role=\"button\" aria-expanded=\"true\" aria-controls=\"ub-expand-full-bc4ba7d8-0113-450c-9c1f-d02bedccacfd\" tabindex=\"0\">\n\t\t\t\tLer menos\n\t\t\t<\/a>\n\t\t<\/div>\n<\/div>","protected":false},"excerpt":{"rendered":"<p>O Museu da Tabanca, que havia sido inaugurado em fevereiro de 2000, no Centro Cultural\/Museu da Tabanca na cidade de Assomada, foi transferido em 2010<\/p>","protected":false},"featured_media":5779,"template":"","meta":[],"class_list":["post-838","museus","type-museus","status-publish","has-post-thumbnail","hentry"],"_links":{"self":[{"href":"https:\/\/ipc.cv\/fr\/wp-json\/wp\/v2\/museus\/838","targetHints":{"allow":["GET"]}}],"collection":[{"href":"https:\/\/ipc.cv\/fr\/wp-json\/wp\/v2\/museus"}],"about":[{"href":"https:\/\/ipc.cv\/fr\/wp-json\/wp\/v2\/types\/museus"}],"wp:featuredmedia":[{"embeddable":true,"href":"https:\/\/ipc.cv\/fr\/wp-json\/wp\/v2\/media\/5779"}],"wp:attachment":[{"href":"https:\/\/ipc.cv\/fr\/wp-json\/wp\/v2\/media?parent=838"}],"curies":[{"name":"wp","href":"https:\/\/api.w.org\/{rel}","templated":true}]}}

<div class="wp-block-ub-expand ub-expand" id="ub-expand-806a6421-877a-4d18-be25-34039841cd2c" data-scroll-type="false" data-scroll-amount="" data-scroll-target="">
<div class="ub-expand-portion ub-expand-partial wp-block-ub-expand-portion" id="ub-expand-partial-bc4ba7d8-0113-450c-9c1f-d02bedccacfd" aria-hidden="false">
			

<p>A Tabanca é uma manifestação cultural, ancestral, praticada nas ilhas de Santiago e do Maio, e que reflete a origem da cultura Cabo-verdiana – a miscigenação das culturas europeias e africanas.</p>



<p>Resultante de um esforço institucional para resgatar e preservar esta expressão cultural, em perigo de extinção, na época, criou-se, em fevereiro de 2000, no Centro da Cidade de Assomada, o espaço denominado Centro Cultural / Museu da Tabanca. </p>



<p>Em 2010 o Museu foi transferido para a comunidade de Chã de Tanque, onde atualmente se encontra, para honrar a dinâmica desta comunidade em relação à manifestação da tabanca. O acervo do Museu é constituído por objetos recolhidos pela equipa do então Instituto Nacional da Cultura, nos anos de 1993/94 e pelo Instituto da Investigação e do Património Culturais, em 2006/07 e 2008 em diferentes localidades da ilha de Santiago.</p>



<p></p>


			<a id="ub-expand-toggle-partial-bc4ba7d8-0113-450c-9c1f-d02bedccacfd" class="ub-expand-toggle-button" style="text-align: left; " role="button" aria-expanded="false" aria-controls="ub-expand-full-bc4ba7d8-0113-450c-9c1f-d02bedccacfd" tabindex="0">
				Saber Mais
			</a>
		</div>

<div class="ub-expand-portion ub-expand-full ub-hide wp-block-ub-expand-portion" id="ub-expand-full-bc4ba7d8-0113-450c-9c1f-d02bedccacfd" aria-hidden="true">
			

<p>O Museu da Tabanca apresenta-se como um espaço de conhecimento e de interação entre a tabanca e a comunidade e procura através da sua coleção dar a conhecer a todo visitante a dimensão social e cultural desta manifestação. Toda a ação do museu é orientada para o resgate, preservacão e divulgacão da tabanca enquanto manifestação presente no cenário cultural cabo-verdiano; no apoio à educação e formação da população. Para além do deleite do visitante, existe uma orientação cultural e didática direcionada para a comunidade estudantil e para toda a comunidade da tabanca das diferentes localidades. </p>



<p>A exposição é de carácter permanente e os objetos retratam, o ritual sagrado e profaano, instrumentos musicais, trajes, objetos alegóricos, objetos da comensalidade e do batuque, ou seja, os momentos mais marcantes da celebração da tabanca. </p>



<p>Desde a sua instalação na localidade de Chã de Tanque, o Museu encerra uma forte vocação comunitária, amplamente apoiada pela comunidade e assume plenamente a sua componente educativa no seu sentido mais alargado.</p>



<p></p>


			<a id="ub-expand-toggle-full-bc4ba7d8-0113-450c-9c1f-d02bedccacfd" class="ub-expand-toggle-button" style="text-align: left; " role="button" aria-expanded="true" aria-controls="ub-expand-full-bc4ba7d8-0113-450c-9c1f-d02bedccacfd" tabindex="0">
				Ler menos
			</a>
		</div>
</div>
