{"id":1090,"date":"2020-08-23T15:16:37","date_gmt":"2020-08-23T16:16:37","guid":{"rendered":"https:\/\/ipc.innovatmedialab.com\/?post_type=monumento-e-sitio&#038;p=1090"},"modified":"2021-07-30T08:52:11","modified_gmt":"2021-07-30T09:52:11","slug":"parque-natural-de-cova-paul-e-ribeira-da-torre-pncprt","status":"publish","type":"monumento-e-sitio","link":"https:\/\/ipc.cv\/fr\/monumento-e-sitio\/parque-natural-de-cova-paul-e-ribeira-da-torre-pncprt\/","title":{"rendered":"Parque Natural de Cova, Pa\u00fal e Ribeira da Torre (PNCPRT)"},"content":{"rendered":"<div class=\"wp-block-ub-expand ub-expand\" id=\"ub-expand-981fc2c3-01c2-40a5-beee-181b949f17e0\" data-scroll-type=\"false\" data-scroll-amount=\"\" data-scroll-target=\"\">\n<div class=\"ub-expand-portion ub-expand-partial wp-block-ub-expand-portion\" id=\"ub-expand-partial-981fc2c3-01c2-40a5-beee-181b949f17e0\" aria-hidden=\"false\">\n\t\t\t\n\n<p>O Parque Natural de Cova, Pa\u00fal e Ribeira da Torre (PNCPRT) est\u00e1 localizado na vertente setentrional da ilha de Santo Ant\u00e3o, mais precisamente na parte nordeste, numa \u00e1rea de conflu\u00eancia dos tr\u00eas concelhos, Porto Novo, Ribeira Grande e Paul. A altitude m\u00e1xima do parque \u00e9 de 1585 na zona de Pico da Cruz.\u00a0<\/p>\n\n\n\n<p>O parque \u00e9 dominado nas zonas mais altas, por uma cratera vulc\u00e2nica (Cova), por \u00e1reas florestadas de Pinus, Eucalyptus e Grevillea, por picos salientes e \u00e1reas de escarpas e despenhadeiros que terminam em vales profundos. o microclima \u00e9 favorecido por um conjunto de fatores como a altitude, a exposi\u00e7\u00e3o das vertentes, a precipita\u00e7\u00e3o oculta que auxiliam o desenvolvimento de v\u00e1rias plantas, nomeadamente, a vegeta\u00e7\u00e3o nativa e a pr\u00e1tica agr\u00edcola. Deste modo, o PNCPRT possui caracter\u00edsticas sui generis, sendo, por isso, considerado uma das amostras mais emblem\u00e1tica de ecossistemas h\u00famidos de montanha da ilha e um dos mais relevantes ecossistemas agr\u00edcolas de Cabo Verde.<\/p>\n\n\n\t\t\t<a id=\"ub-expand-toggle-partial-981fc2c3-01c2-40a5-beee-181b949f17e0\" class=\"ub-expand-toggle-button\" style=\"text-align: left; \" role=\"button\" aria-expanded=\"false\" aria-controls=\"ub-expand-full-981fc2c3-01c2-40a5-beee-181b949f17e0\" tabindex=\"0\">\n\t\t\t\tler mais\n\t\t\t<\/a>\n\t\t<\/div>\n\n<div class=\"ub-expand-portion ub-expand-full ub-hide wp-block-ub-expand-portion\" id=\"ub-expand-full-981fc2c3-01c2-40a5-beee-181b949f17e0\" aria-hidden=\"true\">\n\t\t\t\n\n<p>A sua ocupa\u00e7\u00e3o iniciou-se a partir do concelho da Ribeira Grande, nos finais do s\u00e9culo XVI, sendo este o primeiro aglomerado populacional da ilha de Santo Ant\u00e3o. Neste momento, residem no interior do PNCPRT cerca de 350 agregados familiares.<\/p>\n\n\n\n<p>Desde a sua ocupa\u00e7\u00e3o, tem-se desenvolvido no interior do PNCPRT uma forte intera\u00e7\u00e3o do homem e o meio f\u00edsico, condicionada pela orografia pronunciada, com montanhas ingremes e salientes, obrigando o homem adaptar-se com engenhosidade e forjando assim uma paisagem peculiar que representa uma simbiose perfeita entre o homem, a natureza e o desenvolvimento sustent\u00e1vel. A t\u00edtulo de exemplo, aponta-se a constru\u00e7\u00e3o das casas tradicionais, os sistemas de prote\u00e7\u00e3o do solo, as infraestruturas de irriga\u00e7\u00e3o, caminhos vicinais. Associados a estes aspetos materiais do parque est\u00e1 uma forte componente intang\u00edvel expressas no saber fazer tradicional e na mem\u00f3ria coletiva, nomeadamente, no artesanato confecionado com mat\u00e9ria-prima local (sisal, cani\u00e7o), na transforma\u00e7\u00e3o dos produtos agr\u00edcolas, principalmente, produ\u00e7\u00e3o do grogue, confe\u00e7\u00e3o de queijo de cabra, licores e doces, contos tradicionais, cantigas de trabalho, medicina tradicional com recursos a ervas end\u00e9micas e medicinais. Este conjunto de valores transmitido de gera\u00e7\u00e3o em gera\u00e7\u00e3o num equil\u00edbrio sociocultural tem permitido a conserva\u00e7\u00e3o da identidade da paisagem.<\/p>\n\n\n\n<p>No que se refere ao patrim\u00f3nio natural o PNCPRT possui um dos mais significativos centros de biodiversidade de Cabo Verde, com um agrupamento de endemismo consider\u00e1vel e ocorr\u00eancia da conserva\u00e7\u00e3o in situ<\/p>\n\n\n\n<p class=\"translation-block\">O PNCPRT foi inscrito na&nbsp;<a href=\"https:\/\/whc.unesco.org\/en\/tentativelists\/state=cv\" target=\"_blank\" rel=\"noreferrer noopener\">Lista Indicativa<\/a>&nbsp;de Cabo Verde, fundamentado nos seguintes crit\u00e9rios (v), (vii) e (x).<\/p>\n\n\n\t\t\t<a id=\"ub-expand-toggle-full-981fc2c3-01c2-40a5-beee-181b949f17e0\" class=\"ub-expand-toggle-button\" style=\"text-align: left; \" role=\"button\" aria-expanded=\"true\" aria-controls=\"ub-expand-full-981fc2c3-01c2-40a5-beee-181b949f17e0\" tabindex=\"0\">\n\t\t\t\tler menos\n\t\t\t<\/a>\n\t\t<\/div>\n<\/div>","protected":false},"excerpt":{"rendered":"<p>O Parque Natural de Cova, Pa\u00fal e Ribeira da Torre (PNCPRT) est\u00e1 localizado na vertente setentrional <\/p>","protected":false},"featured_media":699,"template":"","meta":[],"tags":[30],"class_list":["post-1090","monumento-e-sitio","type-monumento-e-sitio","status-publish","has-post-thumbnail","hentry","tag-unesco"],"_links":{"self":[{"href":"https:\/\/ipc.cv\/fr\/wp-json\/wp\/v2\/monumento-e-sitio\/1090","targetHints":{"allow":["GET"]}}],"collection":[{"href":"https:\/\/ipc.cv\/fr\/wp-json\/wp\/v2\/monumento-e-sitio"}],"about":[{"href":"https:\/\/ipc.cv\/fr\/wp-json\/wp\/v2\/types\/monumento-e-sitio"}],"wp:featuredmedia":[{"embeddable":true,"href":"https:\/\/ipc.cv\/fr\/wp-json\/wp\/v2\/media\/699"}],"wp:attachment":[{"href":"https:\/\/ipc.cv\/fr\/wp-json\/wp\/v2\/media?parent=1090"}],"wp:term":[{"taxonomy":"post_tag","embeddable":true,"href":"https:\/\/ipc.cv\/fr\/wp-json\/wp\/v2\/tags?post=1090"}],"curies":[{"name":"wp","href":"https:\/\/api.w.org\/{rel}","templated":true}]}}

Parque Natural de Cova, Paúl e Ribeira da Torre (PNCPRT)

<div class="wp-block-ub-expand ub-expand" id="ub-expand-981fc2c3-01c2-40a5-beee-181b949f17e0" data-scroll-type="false" data-scroll-amount="" data-scroll-target="">
<div class="ub-expand-portion ub-expand-partial wp-block-ub-expand-portion" id="ub-expand-partial-981fc2c3-01c2-40a5-beee-181b949f17e0" aria-hidden="false">
			

<p>O Parque Natural de Cova, Paúl e Ribeira da Torre (PNCPRT) está localizado na vertente setentrional da ilha de Santo Antão, mais precisamente na parte nordeste, numa área de confluência dos três concelhos, Porto Novo, Ribeira Grande e Paul. A altitude máxima do parque é de 1585 na zona de Pico da Cruz. </p>



<p>O parque é dominado nas zonas mais altas, por uma cratera vulcânica (Cova), por áreas florestadas de Pinus, Eucalyptus e Grevillea, por picos salientes e áreas de escarpas e despenhadeiros que terminam em vales profundos. o microclima é favorecido por um conjunto de fatores como a altitude, a exposição das vertentes, a precipitação oculta que auxiliam o desenvolvimento de várias plantas, nomeadamente, a vegetação nativa e a prática agrícola. Deste modo, o PNCPRT possui características sui generis, sendo, por isso, considerado uma das amostras mais emblemática de ecossistemas húmidos de montanha da ilha e um dos mais relevantes ecossistemas agrícolas de Cabo Verde.</p>


			<a id="ub-expand-toggle-partial-981fc2c3-01c2-40a5-beee-181b949f17e0" class="ub-expand-toggle-button" style="text-align: left; " role="button" aria-expanded="false" aria-controls="ub-expand-full-981fc2c3-01c2-40a5-beee-181b949f17e0" tabindex="0">
				ler mais
			</a>
		</div>

<div class="ub-expand-portion ub-expand-full ub-hide wp-block-ub-expand-portion" id="ub-expand-full-981fc2c3-01c2-40a5-beee-181b949f17e0" aria-hidden="true">
			

<p>A sua ocupação iniciou-se a partir do concelho da Ribeira Grande, nos finais do século XVI, sendo este o primeiro aglomerado populacional da ilha de Santo Antão. Neste momento, residem no interior do PNCPRT cerca de 350 agregados familiares.</p>



<p>Desde a sua ocupação, tem-se desenvolvido no interior do PNCPRT uma forte interação do homem e o meio físico, condicionada pela orografia pronunciada, com montanhas ingremes e salientes, obrigando o homem adaptar-se com engenhosidade e forjando assim uma paisagem peculiar que representa uma simbiose perfeita entre o homem, a natureza e o desenvolvimento sustentável. A título de exemplo, aponta-se a construção das casas tradicionais, os sistemas de proteção do solo, as infraestruturas de irrigação, caminhos vicinais. Associados a estes aspetos materiais do parque está uma forte componente intangível expressas no saber fazer tradicional e na memória coletiva, nomeadamente, no artesanato confecionado com matéria-prima local (sisal, caniço), na transformação dos produtos agrícolas, principalmente, produção do grogue, confeção de queijo de cabra, licores e doces, contos tradicionais, cantigas de trabalho, medicina tradicional com recursos a ervas endémicas e medicinais. Este conjunto de valores transmitido de geração em geração num equilíbrio sociocultural tem permitido a conservação da identidade da paisagem.</p>



<p>No que se refere ao património natural o PNCPRT possui um dos mais significativos centros de biodiversidade de Cabo Verde, com um agrupamento de endemismo considerável e ocorrência da conservação in situ</p>



<p class="translation-block">O PNCPRT foi inscrito na&nbsp;<a href="https://whc.unesco.org/en/tentativelists/state=cv" target="_blank" rel="noreferrer noopener">Lista Indicativa</a>&nbsp;de Cabo Verde, fundamentado nos seguintes critérios (v), (vii) e (x).</p>


			<a id="ub-expand-toggle-full-981fc2c3-01c2-40a5-beee-181b949f17e0" class="ub-expand-toggle-button" style="text-align: left; " role="button" aria-expanded="true" aria-controls="ub-expand-full-981fc2c3-01c2-40a5-beee-181b949f17e0" tabindex="0">
				ler menos
			</a>
		</div>
</div>

<p>O Parque Natural de Cova, Paúl e Ribeira da Torre (PNCPRT) está localizado na vertente setentrional </p>
