{"id":1084,"date":"2020-08-23T13:56:15","date_gmt":"2020-08-23T14:56:15","guid":{"rendered":"https:\/\/ipc.innovatmedialab.com\/?post_type=monumento-e-sitio&#038;p=1084"},"modified":"2021-07-30T08:55:04","modified_gmt":"2021-07-30T09:55:04","slug":"reserva-natural-de-santa-luzia-e-os-ilheus","status":"publish","type":"monumento-e-sitio","link":"https:\/\/ipc.cv\/fr\/monumento-e-sitio\/reserva-natural-de-santa-luzia-e-os-ilheus\/","title":{"rendered":"Reserva Natural de Santa Luzia e os Ilh\u00e9us"},"content":{"rendered":"<p>A legisla\u00e7\u00e3o cabo-verdiana, lei n\u00ba 102\/III\/90, enquadra a defini\u00e7\u00e3o do patrim\u00f3nio arqueol\u00f3gico no de S\u00edtios Hist\u00f3ricos, no qual define que \u201cs\u00e3o obras do homem ou obras conjuntas do homem e da natureza, espa\u00e7os suficientemente caracter\u00edsticos e homog\u00e9neos, de maneira a poderem ser delimitados geograficamente, not\u00e1veis pelo seu interesse hist\u00f3rico, arqueol\u00f3gico, art\u00edstico, cientifico ou etnol\u00f3gico\u201d.<\/p>","protected":false},"excerpt":{"rendered":"<p>A legisla\u00e7\u00e3o cabo-verdiana, lei n\u00ba 102\/III\/90, enquadra a defini\u00e7\u00e3o do patrim\u00f3nio arqueol\u00f3gico no de S\u00edtios Hist\u00f3ricos, no qual define que \u201cs\u00e3o obras do homem ou obras conjuntas do homem e da natureza, espa\u00e7os suficientemente caracter\u00edsticos e homog\u00e9neos, de maneira a poderem ser delimitados geograficamente, not\u00e1veis pelo seu interesse hist\u00f3rico, arqueol\u00f3gico, art\u00edstico, cientifico ou etnol\u00f3gico\u201d.<\/p>","protected":false},"featured_media":703,"template":"","meta":[],"tags":[30],"class_list":["post-1084","monumento-e-sitio","type-monumento-e-sitio","status-publish","has-post-thumbnail","hentry","tag-unesco"],"_links":{"self":[{"href":"https:\/\/ipc.cv\/fr\/wp-json\/wp\/v2\/monumento-e-sitio\/1084","targetHints":{"allow":["GET"]}}],"collection":[{"href":"https:\/\/ipc.cv\/fr\/wp-json\/wp\/v2\/monumento-e-sitio"}],"about":[{"href":"https:\/\/ipc.cv\/fr\/wp-json\/wp\/v2\/types\/monumento-e-sitio"}],"wp:featuredmedia":[{"embeddable":true,"href":"https:\/\/ipc.cv\/fr\/wp-json\/wp\/v2\/media\/703"}],"wp:attachment":[{"href":"https:\/\/ipc.cv\/fr\/wp-json\/wp\/v2\/media?parent=1084"}],"wp:term":[{"taxonomy":"post_tag","embeddable":true,"href":"https:\/\/ipc.cv\/fr\/wp-json\/wp\/v2\/tags?post=1084"}],"curies":[{"name":"wp","href":"https:\/\/api.w.org\/{rel}","templated":true}]}}

Reserva Natural de Santa Luzia e os Ilhéus

<p>A legislação cabo-verdiana, lei nº 102/III/90, enquadra a definição do património arqueológico no de Sítios Históricos, no qual define que “são obras do homem ou obras conjuntas do homem e da natureza, espaços suficientemente característicos e homogéneos, de maneira a poderem ser delimitados geograficamente, notáveis pelo seu interesse histórico, arqueológico, artístico, cientifico ou etnológico”.</p>
