{"id":2352,"date":"2021-03-02T11:52:12","date_gmt":"2021-03-02T12:52:12","guid":{"rendered":"https:\/\/ipc.innovatmedialab.com\/?post_type=museus&#038;p=2352"},"modified":"2024-11-27T09:59:44","modified_gmt":"2024-11-27T10:59:44","slug":"casa-da-morna-sodade","status":"publish","type":"museus","link":"https:\/\/ipc.cv\/en\/museus\/casa-da-morna-sodade\/","title":{"rendered":"Casa da Morna Sodade"},"content":{"rendered":"<div class=\"wp-block-ub-expand ub-expand\" id=\"ub-expand-7b191275-55c0-4a9f-be66-dc35dbb95c14\" data-scroll-type=\"false\" data-scroll-amount=\"\" data-scroll-target=\"\">\n<div class=\"ub-expand-portion ub-expand-partial wp-block-ub-expand-portion\" id=\"ub-expand-partial-1cec14dd-5bd1-4b91-98ff-439dd11a88cd\" aria-hidden=\"false\">\n\t\t\t\n\n<p><\/p>\n\n\n\n<p>The Casa da Morna Sodade, is the result of a partnership between the Municipality of Tarrafal de S\u00e3o Nicolau and the Ministry of Culture and Creative Industries through the of Cultural\nHeritage Institute - IPC, as a result of a process of dynamization of morna in the locality of Praia Branca where morna sodade was born. <\/p>\n\n\n\n<p>The implementation of this space follows the contribution of \u201cSodade, Festival d\u2019Morna\u201d started in 2013, to honor Armando Zeferino Soares, author, legal, of morna sodade and which culminated in the acquisition and rehabilitation of the late musician\u2019s house by the City Council. Morna is the most representative genre of the islands' cultural context, recognized by UNESCO as Intangible Heritage of Humanity.<\/p>\n\n\n\n<p><\/p>\n\n\n\n<p><\/p>\n\n\n\t\t\t<a id=\"ub-expand-toggle-partial-1cec14dd-5bd1-4b91-98ff-439dd11a88cd\" class=\"ub-expand-toggle-button\" style=\"text-align: left; \" role=\"button\" aria-expanded=\"false\" aria-controls=\"ub-expand-full-1cec14dd-5bd1-4b91-98ff-439dd11a88cd\" tabindex=\"0\">\n\t\t\t\tSaber Mais\n\t\t\t<\/a>\n\t\t<\/div>\n\n<div class=\"ub-expand-portion ub-expand-full ub-hide wp-block-ub-expand-portion\" id=\"ub-expand-full-1cec14dd-5bd1-4b91-98ff-439dd11a88cd\" aria-hidden=\"true\">\n\t\t\t\n\n<p> Therefore this space aims to contribute to the promotion, preservation and interpretation of this social and cultural practice in the country, according to the principles of the Safeguarding Plan submitted to UNESCO as part of the Candidature process. <\/p>\n\n\n\n<p>Casa da Morna Sodade presents itself as a reference space for the knowledge and enjoyment of morna through a route that praises the experiences of Cabo Verdeans in the inspiration, emergence and evolution of this identity genre, ennobles the town of Praia Branca where sodade was born and conquered the stages of the world. <\/p>\n\n\n\n<p>The expository speech also highlights its inscription on the Intangible Heritage of Humanity list, which enshrines its exceptional universal value and opens up new possibilities for projection.<\/p>\n\n\n\n<p> Feel invited to make this visit to sodade and enjoy the morna as part of Cabo Verde in all its dimension.<\/p>\n\n\n\n<p><\/p>\n\n\n\n<p><\/p>\n\n\n\n<p><\/p>\n\n\n\t\t\t<a id=\"ub-expand-toggle-full-1cec14dd-5bd1-4b91-98ff-439dd11a88cd\" class=\"ub-expand-toggle-button\" style=\"text-align: left; \" role=\"button\" aria-expanded=\"true\" aria-controls=\"ub-expand-full-1cec14dd-5bd1-4b91-98ff-439dd11a88cd\" tabindex=\"0\">\n\t\t\t\tLer menos\n\t\t\t<\/a>\n\t\t<\/div>\n<\/div>","protected":false},"excerpt":{"rendered":"<p>A Casa da Morna Sodade, resulta de uma parceria entre o Munic\u00edpio de Tarrafal de S\u00e3o Nicolau e o Minist\u00e9rio da Cultura e das Ind\u00fastrias Criativas atrav\u00e9s<\/p>","protected":false},"featured_media":6707,"template":"","meta":[],"class_list":["post-2352","museus","type-museus","status-publish","has-post-thumbnail","hentry"],"_links":{"self":[{"href":"https:\/\/ipc.cv\/en\/wp-json\/wp\/v2\/museus\/2352","targetHints":{"allow":["GET"]}}],"collection":[{"href":"https:\/\/ipc.cv\/en\/wp-json\/wp\/v2\/museus"}],"about":[{"href":"https:\/\/ipc.cv\/en\/wp-json\/wp\/v2\/types\/museus"}],"wp:featuredmedia":[{"embeddable":true,"href":"https:\/\/ipc.cv\/en\/wp-json\/wp\/v2\/media\/6707"}],"wp:attachment":[{"href":"https:\/\/ipc.cv\/en\/wp-json\/wp\/v2\/media?parent=2352"}],"curies":[{"name":"wp","href":"https:\/\/api.w.org\/{rel}","templated":true}]}}

<div class="wp-block-ub-expand ub-expand" id="ub-expand-7b191275-55c0-4a9f-be66-dc35dbb95c14" data-scroll-type="false" data-scroll-amount="" data-scroll-target="">
<div class="ub-expand-portion ub-expand-partial wp-block-ub-expand-portion" id="ub-expand-partial-1cec14dd-5bd1-4b91-98ff-439dd11a88cd" aria-hidden="false">
			

<p></p>



<p>The Casa da Morna Sodade, is the result of a partnership between the Municipality of Tarrafal de São Nicolau and the Ministry of Culture and Creative Industries through the of Cultural
Heritage Institute - IPC, as a result of a process of dynamization of morna in the locality of Praia Branca where morna sodade was born. </p>



<p>The implementation of this space follows the contribution of “Sodade, Festival d’Morna” started in 2013, to honor Armando Zeferino Soares, author, legal, of morna sodade and which culminated in the acquisition and rehabilitation of the late musician’s house by the City Council. Morna is the most representative genre of the islands' cultural context, recognized by UNESCO as Intangible Heritage of Humanity.</p>



<p></p>



<p></p>


			<a id="ub-expand-toggle-partial-1cec14dd-5bd1-4b91-98ff-439dd11a88cd" class="ub-expand-toggle-button" style="text-align: left; " role="button" aria-expanded="false" aria-controls="ub-expand-full-1cec14dd-5bd1-4b91-98ff-439dd11a88cd" tabindex="0">
				Saber Mais
			</a>
		</div>

<div class="ub-expand-portion ub-expand-full ub-hide wp-block-ub-expand-portion" id="ub-expand-full-1cec14dd-5bd1-4b91-98ff-439dd11a88cd" aria-hidden="true">
			

<p> Therefore this space aims to contribute to the promotion, preservation and interpretation of this social and cultural practice in the country, according to the principles of the Safeguarding Plan submitted to UNESCO as part of the Candidature process. </p>



<p>Casa da Morna Sodade presents itself as a reference space for the knowledge and enjoyment of morna through a route that praises the experiences of Cabo Verdeans in the inspiration, emergence and evolution of this identity genre, ennobles the town of Praia Branca where sodade was born and conquered the stages of the world. </p>



<p>The expository speech also highlights its inscription on the Intangible Heritage of Humanity list, which enshrines its exceptional universal value and opens up new possibilities for projection.</p>



<p> Feel invited to make this visit to sodade and enjoy the morna as part of Cabo Verde in all its dimension.</p>



<p></p>



<p></p>



<p></p>


			<a id="ub-expand-toggle-full-1cec14dd-5bd1-4b91-98ff-439dd11a88cd" class="ub-expand-toggle-button" style="text-align: left; " role="button" aria-expanded="true" aria-controls="ub-expand-full-1cec14dd-5bd1-4b91-98ff-439dd11a88cd" tabindex="0">
				Ler menos
			</a>
		</div>
</div>

<p>A Casa da Morna Sodade, resulta de uma parceria entre o Município de Tarrafal de São Nicolau e o Ministério da Cultura e das Indústrias Criativas através</p>
