{"id":1980,"date":"2021-02-11T15:27:13","date_gmt":"2021-02-11T16:27:13","guid":{"rendered":"https:\/\/ipc.innovatmedialab.com\/?post_type=museus&#038;p=1980"},"modified":"2024-11-27T10:45:02","modified_gmt":"2024-11-27T11:45:02","slug":"casa-museu-eugenio-tavares-e-centro-de-estudos-da-morna","status":"publish","type":"museus","link":"https:\/\/ipc.cv\/en\/museus\/casa-museu-eugenio-tavares-e-centro-de-estudos-da-morna\/","title":{"rendered":"A Casa Museu Eug\u00e9nio Tavares (The Eug\u00e9nio Tavares House Museum)"},"content":{"rendered":"<div class=\"wp-block-ub-expand ub-expand\" id=\"ub-expand-45b7aae4-052d-46f7-bd66-15f32f6d4fe9\" data-scroll-type=\"false\" data-scroll-amount=\"\" data-scroll-target=\"\">\n<div class=\"ub-expand-portion ub-expand-partial wp-block-ub-expand-portion\" id=\"ub-expand-partial-1f004c5e-961e-45c9-bc4f-14b364b478ec\" aria-hidden=\"false\">\n\t\t\t\n\n<p>A Casa Museu Eug\u00e9nio Tavares (The Eug\u00e9nio Tavares House Museum) and Morna Studies Center is a museum of personality, focused on themes related to the figure of Eug\u00e9nio Tavares, his personal, professional and intellectual training, his relationship with Brava Island and his contribution to the enrichment intellectual and cultural development of Cabo Verde. Likewise, the space is dedicated to studies on the theme of morna as a Cabo Verdean musical genre and Intangible Cultural Heritage of Humanity.<\/p>\n\n\n\n<p>The collection of the Casa Museu Eug\u00e9nio Tavares has a historical, ethnographic and anthropological theme, from the 19th and 20th centuries, and the exhibition presented is of long duration, the result of research work that sought to bring to public knowledge the striking aspects of life and work. by Eug\u00e9nio Tavares, with the island of Brava as the stage, as well as the other contributions he made to the affirmation of Cabo Verdean culture, namely in the promotion of Creole as a mother tongue.<\/p>\n\n\n\t\t\t<a id=\"ub-expand-toggle-partial-1f004c5e-961e-45c9-bc4f-14b364b478ec\" class=\"ub-expand-toggle-button\" style=\"text-align: left; \" role=\"button\" aria-expanded=\"false\" aria-controls=\"ub-expand-full-1f004c5e-961e-45c9-bc4f-14b364b478ec\" tabindex=\"0\">\n\t\t\t\tSaber Mais\n\t\t\t<\/a>\n\t\t<\/div>\n\n<div class=\"ub-expand-portion ub-expand-full ub-hide wp-block-ub-expand-portion\" id=\"ub-expand-full-1f004c5e-961e-45c9-bc4f-14b364b478ec\" aria-hidden=\"true\">\n\t\t\t\n\n<p>The Casa Museu Eug\u00e9nio Tavares and Morna Studies Center, being located on an island and in a community very attached to the legacy that the poet left, assumes the important role of dialogue and respect for the diversity of Brava culture, in a perspective of education, awareness and inclusion of all social strata of the island in its process of dynamization and sustainable development. <\/p>\n\n\n\n<p>A museum of this dimension, whose collection and narrative expositions are focused on portraying the environment he lived in, its influence on intellectual production and on a person's way of being and being, the main message is the importance of safeguarding the historical memory of Eug\u00e9nio Tavares and the socio anthropological aspects of the island of Brava, having in mind its transmission to new generations and its use for leisure and development of the territory.<\/p>\n\n\n\n<p><\/p>\n\n\n\t\t\t<a id=\"ub-expand-toggle-full-1f004c5e-961e-45c9-bc4f-14b364b478ec\" class=\"ub-expand-toggle-button\" style=\"text-align: left; \" role=\"button\" aria-expanded=\"true\" aria-controls=\"ub-expand-full-1f004c5e-961e-45c9-bc4f-14b364b478ec\" tabindex=\"0\">\n\t\t\t\tLer menos\n\t\t\t<\/a>\n\t\t<\/div>\n<\/div>","protected":false},"excerpt":{"rendered":"<p>A Casa Museu Eug\u00e9nio Tavares e Centro de Estudos da Morna \u00e9 um museu de personalidade, voltado para as tem\u00e1ticas ligadas a figura de Eug\u00e9nio Tavares, a<\/p>","protected":false},"featured_media":2004,"template":"","meta":[],"class_list":["post-1980","museus","type-museus","status-publish","has-post-thumbnail","hentry"],"_links":{"self":[{"href":"https:\/\/ipc.cv\/en\/wp-json\/wp\/v2\/museus\/1980","targetHints":{"allow":["GET"]}}],"collection":[{"href":"https:\/\/ipc.cv\/en\/wp-json\/wp\/v2\/museus"}],"about":[{"href":"https:\/\/ipc.cv\/en\/wp-json\/wp\/v2\/types\/museus"}],"wp:featuredmedia":[{"embeddable":true,"href":"https:\/\/ipc.cv\/en\/wp-json\/wp\/v2\/media\/2004"}],"wp:attachment":[{"href":"https:\/\/ipc.cv\/en\/wp-json\/wp\/v2\/media?parent=1980"}],"curies":[{"name":"wp","href":"https:\/\/api.w.org\/{rel}","templated":true}]}}

A Casa Museu Eugénio Tavares (The Eugénio Tavares House Museum)

<div class="wp-block-ub-expand ub-expand" id="ub-expand-45b7aae4-052d-46f7-bd66-15f32f6d4fe9" data-scroll-type="false" data-scroll-amount="" data-scroll-target="">
<div class="ub-expand-portion ub-expand-partial wp-block-ub-expand-portion" id="ub-expand-partial-1f004c5e-961e-45c9-bc4f-14b364b478ec" aria-hidden="false">
			

<p>A Casa Museu Eugénio Tavares (The Eugénio Tavares House Museum) and Morna Studies Center is a museum of personality, focused on themes related to the figure of Eugénio Tavares, his personal, professional and intellectual training, his relationship with Brava Island and his contribution to the enrichment intellectual and cultural development of Cabo Verde. Likewise, the space is dedicated to studies on the theme of morna as a Cabo Verdean musical genre and Intangible Cultural Heritage of Humanity.</p>



<p>The collection of the Casa Museu Eugénio Tavares has a historical, ethnographic and anthropological theme, from the 19th and 20th centuries, and the exhibition presented is of long duration, the result of research work that sought to bring to public knowledge the striking aspects of life and work. by Eugénio Tavares, with the island of Brava as the stage, as well as the other contributions he made to the affirmation of Cabo Verdean culture, namely in the promotion of Creole as a mother tongue.</p>


			<a id="ub-expand-toggle-partial-1f004c5e-961e-45c9-bc4f-14b364b478ec" class="ub-expand-toggle-button" style="text-align: left; " role="button" aria-expanded="false" aria-controls="ub-expand-full-1f004c5e-961e-45c9-bc4f-14b364b478ec" tabindex="0">
				Saber Mais
			</a>
		</div>

<div class="ub-expand-portion ub-expand-full ub-hide wp-block-ub-expand-portion" id="ub-expand-full-1f004c5e-961e-45c9-bc4f-14b364b478ec" aria-hidden="true">
			

<p>The Casa Museu Eugénio Tavares and Morna Studies Center, being located on an island and in a community very attached to the legacy that the poet left, assumes the important role of dialogue and respect for the diversity of Brava culture, in a perspective of education, awareness and inclusion of all social strata of the island in its process of dynamization and sustainable development. </p>



<p>A museum of this dimension, whose collection and narrative expositions are focused on portraying the environment he lived in, its influence on intellectual production and on a person's way of being and being, the main message is the importance of safeguarding the historical memory of Eugénio Tavares and the socio anthropological aspects of the island of Brava, having in mind its transmission to new generations and its use for leisure and development of the territory.</p>



<p></p>


			<a id="ub-expand-toggle-full-1f004c5e-961e-45c9-bc4f-14b364b478ec" class="ub-expand-toggle-button" style="text-align: left; " role="button" aria-expanded="true" aria-controls="ub-expand-full-1f004c5e-961e-45c9-bc4f-14b364b478ec" tabindex="0">
				Ler menos
			</a>
		</div>
</div>

<p>A Casa Museu Eugénio Tavares e Centro de Estudos da Morna é um museu de personalidade, voltado para as temáticas ligadas a figura de Eugénio Tavares, a</p>
