{"id":1184,"date":"2020-08-23T21:14:32","date_gmt":"2020-08-23T22:14:32","guid":{"rendered":"https:\/\/ipc.innovatmedialab.com\/?post_type=monumento-e-sitio&#038;p=1184"},"modified":"2021-08-19T11:40:35","modified_gmt":"2021-08-19T12:40:35","slug":"arqueologia-salamansa","status":"publish","type":"monumento-e-sitio","link":"https:\/\/ipc.cv\/en\/monumento-e-sitio\/arqueologia-salamansa\/","title":{"rendered":"Archaeology Salamansa"},"content":{"rendered":"<div class=\"wp-block-ub-expand ub-expand\" id=\"ub-expand-de258d84-8e86-421a-8247-44c8fccffeac\" data-scroll-type=\"false\" data-scroll-amount=\"\" data-scroll-target=\"\">\n<div class=\"ub-expand-portion ub-expand-partial wp-block-ub-expand-portion\" id=\"ub-expand-partial-de258d84-8e86-421a-8247-44c8fccffeac\" aria-hidden=\"false\">\n\t\t\t\n\n<p>Este relat\u00f3rio apresenta o principal resultado obtido das duas miss\u00f5es arqueol\u00f3gicas realizadas na ilha de S\u00e3o Vicente\u00a0em 1998 e em 2005 com o apoio do Centro Portugu\u00eas de Actividades Subaqu\u00e1ticas (CPAS).<\/p>\n\n\n\n<p>Em 1998, confirmou\u2010se o efetivo interesse arqueol\u00f3gico do s\u00edtio, localizado sobre o mar, em local abrigado da vasta ba\u00eda de Salamansa, situada\u00a0na parte setentrional da ilha, tendo\u2010se registado a respetiva extens\u00e3o e estratigrafia e procedido \u00e0 colheita de amostras para data\u00e7\u00e3o.<\/p>\n\n\n\t\t\t<a id=\"ub-expand-toggle-partial-de258d84-8e86-421a-8247-44c8fccffeac\" class=\"ub-expand-toggle-button\" style=\"text-align: left; \" role=\"button\" aria-expanded=\"false\" aria-controls=\"ub-expand-full-de258d84-8e86-421a-8247-44c8fccffeac\" tabindex=\"0\">\n\t\t\t\tler mais\n\t\t\t<\/a>\n\t\t<\/div>\n\n<div class=\"ub-expand-portion ub-expand-full ub-hide wp-block-ub-expand-portion\" id=\"ub-expand-full-de258d84-8e86-421a-8247-44c8fccffeac\" aria-hidden=\"true\">\n\t\t\t\n\n<p>Although the results of that campaign had been published, indicating a residential station, revealed by the remarkable accumulation of shells, accompanied by abundant fragments of handcrafted ceramics, of African production, its true nature remained undefined.<\/p>\n\n\n\n<p>It was therefore necessary to carry out the full excavation of the area that still remained from the station, which was continuously subject to strong marine erosion, as well as the collection of new materials for dating, in order to confirm the preliminary conclusions previously obtained, objectives that were materialized in 2005.<\/p>\n\n\n\n<p>Conhe\u00e7a o resultado da\u00a0Escava\u00e7\u00e3o Arqueol\u00f3gica\u00a0 de Salamansa<\/p>\n\n\n\t\t\t<a id=\"ub-expand-toggle-full-de258d84-8e86-421a-8247-44c8fccffeac\" class=\"ub-expand-toggle-button\" style=\"text-align: left; \" role=\"button\" aria-expanded=\"true\" aria-controls=\"ub-expand-full-de258d84-8e86-421a-8247-44c8fccffeac\" tabindex=\"0\">\n\t\t\t\tler menos\n\t\t\t<\/a>\n\t\t<\/div>\n<\/div>","protected":false},"excerpt":{"rendered":"<p>Este relat\u00f3rio apresenta o principal resultado obtido das duas miss\u00f5es arqueol\u00f3gicas realizadas na ilha de S\u00e3o Vicente em 1998 e em 2005 com o apoio <\/p>","protected":false},"featured_media":1185,"template":"","meta":[],"tags":[9],"class_list":["post-1184","monumento-e-sitio","type-monumento-e-sitio","status-publish","has-post-thumbnail","hentry","tag-arqueologia"],"_links":{"self":[{"href":"https:\/\/ipc.cv\/en\/wp-json\/wp\/v2\/monumento-e-sitio\/1184","targetHints":{"allow":["GET"]}}],"collection":[{"href":"https:\/\/ipc.cv\/en\/wp-json\/wp\/v2\/monumento-e-sitio"}],"about":[{"href":"https:\/\/ipc.cv\/en\/wp-json\/wp\/v2\/types\/monumento-e-sitio"}],"wp:featuredmedia":[{"embeddable":true,"href":"https:\/\/ipc.cv\/en\/wp-json\/wp\/v2\/media\/1185"}],"wp:attachment":[{"href":"https:\/\/ipc.cv\/en\/wp-json\/wp\/v2\/media?parent=1184"}],"wp:term":[{"taxonomy":"post_tag","embeddable":true,"href":"https:\/\/ipc.cv\/en\/wp-json\/wp\/v2\/tags?post=1184"}],"curies":[{"name":"wp","href":"https:\/\/api.w.org\/{rel}","templated":true}]}}

<div class="wp-block-ub-expand ub-expand" id="ub-expand-de258d84-8e86-421a-8247-44c8fccffeac" data-scroll-type="false" data-scroll-amount="" data-scroll-target="">
<div class="ub-expand-portion ub-expand-partial wp-block-ub-expand-portion" id="ub-expand-partial-de258d84-8e86-421a-8247-44c8fccffeac" aria-hidden="false">
			

<p>Este relatório apresenta o principal resultado obtido das duas missões arqueológicas realizadas na ilha de São Vicente em 1998 e em 2005 com o apoio do Centro Português de Actividades Subaquáticas (CPAS).</p>



<p>Em 1998, confirmou‐se o efetivo interesse arqueológico do sítio, localizado sobre o mar, em local abrigado da vasta baía de Salamansa, situada na parte setentrional da ilha, tendo‐se registado a respetiva extensão e estratigrafia e procedido à colheita de amostras para datação.</p>


			<a id="ub-expand-toggle-partial-de258d84-8e86-421a-8247-44c8fccffeac" class="ub-expand-toggle-button" style="text-align: left; " role="button" aria-expanded="false" aria-controls="ub-expand-full-de258d84-8e86-421a-8247-44c8fccffeac" tabindex="0">
				ler mais
			</a>
		</div>

<div class="ub-expand-portion ub-expand-full ub-hide wp-block-ub-expand-portion" id="ub-expand-full-de258d84-8e86-421a-8247-44c8fccffeac" aria-hidden="true">
			

<p>Although the results of that campaign had been published, indicating a residential station, revealed by the remarkable accumulation of shells, accompanied by abundant fragments of handcrafted ceramics, of African production, its true nature remained undefined.</p>



<p>It was therefore necessary to carry out the full excavation of the area that still remained from the station, which was continuously subject to strong marine erosion, as well as the collection of new materials for dating, in order to confirm the preliminary conclusions previously obtained, objectives that were materialized in 2005.</p>



<p>Conheça o resultado da Escavação Arqueológica  de Salamansa</p>


			<a id="ub-expand-toggle-full-de258d84-8e86-421a-8247-44c8fccffeac" class="ub-expand-toggle-button" style="text-align: left; " role="button" aria-expanded="true" aria-controls="ub-expand-full-de258d84-8e86-421a-8247-44c8fccffeac" tabindex="0">
				ler menos
			</a>
		</div>
</div>

<p>Este relatório apresenta o principal resultado obtido das duas missões arqueológicas realizadas na ilha de São Vicente em 1998 e em 2005 com o apoio </p>
