{"id":1166,"date":"2020-08-23T20:29:04","date_gmt":"2020-08-23T21:29:04","guid":{"rendered":"https:\/\/ipc.innovatmedialab.com\/?post_type=monumento-e-sitio&#038;p=1166"},"modified":"2021-08-06T09:27:39","modified_gmt":"2021-08-06T10:27:39","slug":"rua-banana","status":"publish","type":"monumento-e-sitio","link":"https:\/\/ipc.cv\/en\/monumento-e-sitio\/rua-banana\/","title":{"rendered":"Rua Banana"},"content":{"rendered":"<p>Rua da Banana \u00e9 a mais antiga rua constru\u00edda pelos portugueses na \u00c1frica Subsaariana e nos tr\u00f3picos, a rua \u00e9 constitu\u00edda por um conjunto de casa simples de planta \u00fanica constru\u00eddas de pedra e cal, com uma porta e duas janelas e cobertura de palha.<\/p>\n\n\n\n<p>Paralelamente a esta Rua Banana esta a Rua Carreira com id\u00eanticas tipologias de constru\u00e7\u00e3o.&nbsp;No s\u00e9culo XVI haviam nesta cidade 500 boas resid\u00eancias de perda e cal (segundo um escrito anonimo da \u00e9poca).<\/p>","protected":false},"excerpt":{"rendered":"<p>Rua da Banana \u00e9 a mais antiga rua constru\u00edda pelos portugueses na \u00c1frica Subsaariana e nos tr\u00f3picos, a rua \u00e9 constitu\u00edda por um conjunto de casa simples de planta \u00fanica constru\u00eddas de pedra e cal, com uma porta e duas janelas e cobertura de palha. Paralelamente a esta Rua Banana esta a Rua Carreira com [&hellip;]<\/p>\n","protected":false},"featured_media":1076,"template":"","meta":[],"tags":[12],"class_list":["post-1166","monumento-e-sitio","type-monumento-e-sitio","status-publish","has-post-thumbnail","hentry","tag-c_velha"],"_links":{"self":[{"href":"https:\/\/ipc.cv\/en\/wp-json\/wp\/v2\/monumento-e-sitio\/1166","targetHints":{"allow":["GET"]}}],"collection":[{"href":"https:\/\/ipc.cv\/en\/wp-json\/wp\/v2\/monumento-e-sitio"}],"about":[{"href":"https:\/\/ipc.cv\/en\/wp-json\/wp\/v2\/types\/monumento-e-sitio"}],"wp:featuredmedia":[{"embeddable":true,"href":"https:\/\/ipc.cv\/en\/wp-json\/wp\/v2\/media\/1076"}],"wp:attachment":[{"href":"https:\/\/ipc.cv\/en\/wp-json\/wp\/v2\/media?parent=1166"}],"wp:term":[{"taxonomy":"post_tag","embeddable":true,"href":"https:\/\/ipc.cv\/en\/wp-json\/wp\/v2\/tags?post=1166"}],"curies":[{"name":"wp","href":"https:\/\/api.w.org\/{rel}","templated":true}]}}

<p>Rua da Banana é a mais antiga rua construída pelos portugueses na África Subsaariana e nos trópicos, a rua é constituída por um conjunto de casa simples de planta única construídas de pedra e cal, com uma porta e duas janelas e cobertura de palha.</p>



<p>Paralelamente a esta Rua Banana esta a Rua Carreira com idênticas tipologias de construção.&nbsp;No século XVI haviam nesta cidade 500 boas residências de perda e cal (segundo um escrito anonimo da época).</p>

<p>Rua da Banana é a mais antiga rua construída pelos portugueses na África Subsaariana e nos trópicos, a rua é constituída por um conjunto de casa simples de planta única construídas de pedra e cal, com uma porta e duas janelas e cobertura de palha. Paralelamente a esta Rua Banana esta a Rua Carreira com [&hellip;]</p>
