{"id":1104,"date":"2020-08-23T17:24:39","date_gmt":"2020-08-23T18:24:39","guid":{"rendered":"https:\/\/ipc.innovatmedialab.com\/?post_type=monumento-e-sitio&#038;p=1104"},"modified":"2021-08-19T15:18:26","modified_gmt":"2021-08-19T16:18:26","slug":"salinas-de-pedra-de-lume-patrimonio-nacional","status":"publish","type":"monumento-e-sitio","link":"https:\/\/ipc.cv\/en\/monumento-e-sitio\/salinas-de-pedra-de-lume-patrimonio-nacional\/","title":{"rendered":"Salinas de Pedra de Lume, National Heritage"},"content":{"rendered":"<div class=\"wp-block-ub-expand ub-expand\" id=\"ub-expand-379fa0bb-3322-43c7-9e08-2ac456d9092d\" data-scroll-type=\"false\" data-scroll-amount=\"\" data-scroll-target=\"\">\n<div class=\"ub-expand-portion ub-expand-partial wp-block-ub-expand-portion\" id=\"ub-expand-partial-379fa0bb-3322-43c7-9e08-2ac456d9092d\" aria-hidden=\"false\">\n\t\t\t\n\n<p>Salinas de Pedra de Lume, situada na parte NE da ilha do Sal, com uma \u00e1rea de 40 hectares, \u00e9 um local excecional formado na cratera de um vulc\u00e3o extinto a 39 metros acima do n\u00edvel do mar e 1500 metros de uma enseada abrigada.\u00a0Em tempos a cratera esteve em contato com o mar pelo seu lado norte, por canais naturais, possibilitando a infiltra\u00e7\u00e3o da \u00e1gua que, devido \u00e0 evapora\u00e7\u00e3o, deixou um dep\u00f3sito de sal-gema calculado em mais de cinquenta milh\u00f5es de toneladas.<\/p>\n\n\n\n<p>Around this salt mine an industrial society with basic infrastructures such as chapel, school, maternity hospital and social canteen was developed. From this, the type of human settlement is visible, based on the industrial socio-economic divisions, manifesting itself in the different housing estates for the salt mine workers, the engineers and the chiefs who lived there.<\/p>\n\n\n\t\t\t<a id=\"ub-expand-toggle-partial-379fa0bb-3322-43c7-9e08-2ac456d9092d\" class=\"ub-expand-toggle-button\" style=\"text-align: left; \" role=\"button\" aria-expanded=\"false\" aria-controls=\"ub-expand-full-379fa0bb-3322-43c7-9e08-2ac456d9092d\" tabindex=\"0\">\n\t\t\t\tler mais\n\t\t\t<\/a>\n\t\t<\/div>\n\n<div class=\"ub-expand-portion ub-expand-full ub-hide wp-block-ub-expand-portion\" id=\"ub-expand-full-379fa0bb-3322-43c7-9e08-2ac456d9092d\" aria-hidden=\"true\">\n\t\t\t\n\n<p>A extra\u00e7\u00e3o do sal foi o fator impulsionador para a ocupa\u00e7\u00e3o e efetiva\u00e7\u00e3o da ilha, tendo como mentor o abastado comerciante Manuel Ant\u00f3nio Martins que, por volta de 1796, com fam\u00edlias oriundas da Boavista e homens escravizados da costa ocidental, fixou-se na localidade de Pedra de Lume.\u00a0Desde ent\u00e3o, a ilha passou a ser procurada por navios de v\u00e1rias nacionalidades, principalmente do Brasil, para se abastecerem do \u201couro branco\u201d.<\/p>\n\n\n\n<p>Este per\u00edodo \u00e1ureo, no qual a exporta\u00e7\u00e3o do sal marcou uma cifra de 30 mil toneladas anuais, foi interrompido em 1887, altura em que o Brasil tributou o sal estrangeiro como direitos proibitivos.\u00a0Ap\u00f3s esta pausa e em virtude de uma nova conjuntura (mercados africanos, disponibilidade de capitais), a ind\u00fastria salineira conheceria uma nova alavancagem preconizada pela Salins du Cap Vert, que deixou uma marca indel\u00e9vel na paisagem local.<\/p>\n\n\n\n<p>However, in 1963, the Democratic Republic of Congo became independent, compromising Cabo Verde's salt industry as a result of the nationalisation of trade in this country. Currently, the extraction of salt is mainly used to make beauty products and thalassotherapy, while the crater receives a large number of tourists annually.<\/p>\n\n\n\n<p>Salinas de Pedra de Lume possui uma\u00a0beleza paisag\u00edstica excecional, conferida pelo\u00a0mosaico policrom\u00e1tico da cratera, que vai desde as v\u00e1rias tonalidades das marinas destacando-se o branco, vermelho, laranja, azul e roxo em consequ\u00eancia da sua composi\u00e7\u00e3o qu\u00edmica e o verde, que prov\u00e9m das plantas circundantes.<\/p>\n\n\n\n<p>Tendo em conta, os valores que o Bem det\u00e9m\u00a0foi classificado como paisagem protegida, atrav\u00e9s do decreto-Lei 3\/2003, de 24 de fevereiro, tendo como objetivo preservar os elementos naturais e culturais relacionados com a exist\u00eancia de uma caldeira de explora\u00e7\u00e3o do sal e que se ajusta a uma paisagem de beleza singular e valor ecocultural. Neste sentido, tamb\u00e9m foi classificado como Patrim\u00f3nio Natural, Hist\u00f3rico e Cultural Nacional atrav\u00e9s da resolu\u00e7\u00e3o n\u00ba 21\/2012, de 24 de abril.\u00a0<\/p>\n\n\n\n<p>Integra desde 2004,\u00a0a\u00a0<a href=\"https:\/\/whc.unesco.org\/en\/tentativelists\/state=cv\" target=\"_blank\" rel=\"noreferrer noopener\">Lista Indicativa<\/a>\u00a0de Cabo Verde na UNESCO.<\/p>\n\n\n\t\t\t<a id=\"ub-expand-toggle-full-379fa0bb-3322-43c7-9e08-2ac456d9092d\" class=\"ub-expand-toggle-button\" style=\"text-align: left; \" role=\"button\" aria-expanded=\"true\" aria-controls=\"ub-expand-full-379fa0bb-3322-43c7-9e08-2ac456d9092d\" tabindex=\"0\">\n\t\t\t\tler menos\n\t\t\t<\/a>\n\t\t<\/div>\n<\/div>","protected":false},"excerpt":{"rendered":"<p>Salinas de Pedra de Lume, situada na parte NE da ilha do Sal, com uma \u00e1rea de 40 hectares, \u00e9 um local excecional formado <\/p>","protected":false},"featured_media":697,"template":"","meta":[],"tags":[24,30],"class_list":["post-1104","monumento-e-sitio","type-monumento-e-sitio","status-publish","has-post-thumbnail","hentry","tag-sitio","tag-unesco"],"_links":{"self":[{"href":"https:\/\/ipc.cv\/en\/wp-json\/wp\/v2\/monumento-e-sitio\/1104","targetHints":{"allow":["GET"]}}],"collection":[{"href":"https:\/\/ipc.cv\/en\/wp-json\/wp\/v2\/monumento-e-sitio"}],"about":[{"href":"https:\/\/ipc.cv\/en\/wp-json\/wp\/v2\/types\/monumento-e-sitio"}],"wp:featuredmedia":[{"embeddable":true,"href":"https:\/\/ipc.cv\/en\/wp-json\/wp\/v2\/media\/697"}],"wp:attachment":[{"href":"https:\/\/ipc.cv\/en\/wp-json\/wp\/v2\/media?parent=1104"}],"wp:term":[{"taxonomy":"post_tag","embeddable":true,"href":"https:\/\/ipc.cv\/en\/wp-json\/wp\/v2\/tags?post=1104"}],"curies":[{"name":"wp","href":"https:\/\/api.w.org\/{rel}","templated":true}]}}

<div class="wp-block-ub-expand ub-expand" id="ub-expand-379fa0bb-3322-43c7-9e08-2ac456d9092d" data-scroll-type="false" data-scroll-amount="" data-scroll-target="">
<div class="ub-expand-portion ub-expand-partial wp-block-ub-expand-portion" id="ub-expand-partial-379fa0bb-3322-43c7-9e08-2ac456d9092d" aria-hidden="false">
			

<p>Salinas de Pedra de Lume, situada na parte NE da ilha do Sal, com uma área de 40 hectares, é um local excecional formado na cratera de um vulcão extinto a 39 metros acima do nível do mar e 1500 metros de uma enseada abrigada. Em tempos a cratera esteve em contato com o mar pelo seu lado norte, por canais naturais, possibilitando a infiltração da água que, devido à evaporação, deixou um depósito de sal-gema calculado em mais de cinquenta milhões de toneladas.</p>



<p>Around this salt mine an industrial society with basic infrastructures such as chapel, school, maternity hospital and social canteen was developed. From this, the type of human settlement is visible, based on the industrial socio-economic divisions, manifesting itself in the different housing estates for the salt mine workers, the engineers and the chiefs who lived there.</p>


			<a id="ub-expand-toggle-partial-379fa0bb-3322-43c7-9e08-2ac456d9092d" class="ub-expand-toggle-button" style="text-align: left; " role="button" aria-expanded="false" aria-controls="ub-expand-full-379fa0bb-3322-43c7-9e08-2ac456d9092d" tabindex="0">
				ler mais
			</a>
		</div>

<div class="ub-expand-portion ub-expand-full ub-hide wp-block-ub-expand-portion" id="ub-expand-full-379fa0bb-3322-43c7-9e08-2ac456d9092d" aria-hidden="true">
			

<p>A extração do sal foi o fator impulsionador para a ocupação e efetivação da ilha, tendo como mentor o abastado comerciante Manuel António Martins que, por volta de 1796, com famílias oriundas da Boavista e homens escravizados da costa ocidental, fixou-se na localidade de Pedra de Lume. Desde então, a ilha passou a ser procurada por navios de várias nacionalidades, principalmente do Brasil, para se abastecerem do “ouro branco”.</p>



<p>Este período áureo, no qual a exportação do sal marcou uma cifra de 30 mil toneladas anuais, foi interrompido em 1887, altura em que o Brasil tributou o sal estrangeiro como direitos proibitivos. Após esta pausa e em virtude de uma nova conjuntura (mercados africanos, disponibilidade de capitais), a indústria salineira conheceria uma nova alavancagem preconizada pela Salins du Cap Vert, que deixou uma marca indelével na paisagem local.</p>



<p>However, in 1963, the Democratic Republic of Congo became independent, compromising Cabo Verde's salt industry as a result of the nationalisation of trade in this country. Currently, the extraction of salt is mainly used to make beauty products and thalassotherapy, while the crater receives a large number of tourists annually.</p>



<p>Salinas de Pedra de Lume possui uma beleza paisagística excecional, conferida pelo mosaico policromático da cratera, que vai desde as várias tonalidades das marinas destacando-se o branco, vermelho, laranja, azul e roxo em consequência da sua composição química e o verde, que provém das plantas circundantes.</p>



<p>Tendo em conta, os valores que o Bem detém foi classificado como paisagem protegida, através do decreto-Lei 3/2003, de 24 de fevereiro, tendo como objetivo preservar os elementos naturais e culturais relacionados com a existência de uma caldeira de exploração do sal e que se ajusta a uma paisagem de beleza singular e valor ecocultural. Neste sentido, também foi classificado como Património Natural, Histórico e Cultural Nacional através da resolução nº 21/2012, de 24 de abril. </p>



<p>Integra desde 2004, a <a href="https://whc.unesco.org/en/tentativelists/state=cv" target="_blank" rel="noreferrer noopener">Lista Indicativa</a> de Cabo Verde na UNESCO.</p>


			<a id="ub-expand-toggle-full-379fa0bb-3322-43c7-9e08-2ac456d9092d" class="ub-expand-toggle-button" style="text-align: left; " role="button" aria-expanded="true" aria-controls="ub-expand-full-379fa0bb-3322-43c7-9e08-2ac456d9092d" tabindex="0">
				ler menos
			</a>
		</div>
</div>

<p>Salinas de Pedra de Lume, situada na parte NE da ilha do Sal, com uma área de 40 hectares, é um local excecional formado </p>
