{"id":1086,"date":"2020-08-23T14:11:37","date_gmt":"2020-08-23T15:11:37","guid":{"rendered":"https:\/\/ipc.innovatmedialab.com\/?post_type=monumento-e-sitio&#038;p=1086"},"modified":"2021-07-30T08:52:25","modified_gmt":"2021-07-30T09:52:25","slug":"centro-historico-de-sao-filipe","status":"publish","type":"monumento-e-sitio","link":"https:\/\/ipc.cv\/en\/monumento-e-sitio\/centro-historico-de-sao-filipe\/","title":{"rendered":"Historic centre of S\u00e3o Filipe"},"content":{"rendered":"<div class=\"wp-block-ub-expand ub-expand\" id=\"ub-expand-7bb53313-b99b-4386-b645-46e3d0fa13ba\" data-scroll-type=\"false\" data-scroll-amount=\"\" data-scroll-target=\"\">\n<div class=\"ub-expand-portion ub-expand-partial wp-block-ub-expand-portion\" aria-hidden=\"false\" id=\"ub-expand-portion-\">\n\t\t\t\n\n<p>A ilha do Fogo ou a ilha de S\u00e3o Filipe, como era conhecida aquando da descoberta em 1460 pelos portugueses, foi a segunda a ser povoada entre 1470 e 1490.\u00a0A sua ocupa\u00e7\u00e3o foi preconizada por ricos propriet\u00e1rios da Ribeira Grande de Santiago (Cidade Velha), com os seus escravos, no seguimento da carta de limita\u00e7\u00e3o de privil\u00e9gios de 1472, que obrigava os moradores de Santiago a comercializarem, na costa africana, somente produtos origin\u00e1rios da ilha.<\/p>\n\n\n\n<p>N\u00e3o obstante esta limita\u00e7\u00e3o, estes moradores aproveitaram a oportunidade para estender as suas produ\u00e7\u00f5es de algod\u00e3o para ilha do Fogo, sendo este utilizado para comercializa\u00e7\u00e3o na costa africana, mesmo sabendo que estavam infringindo a lei.\u00a0\u00c9 neste contexto que S\u00e3o Filipe surgiu como primeiro centro urbano da ilha, emergindo no espa\u00e7o onde foi constru\u00eddo a capela de S\u00e3o Felipe, local onde hoje fica o denominado \u201ccemit\u00e9rio de baixo\u201d.<\/p>\n\n\n\t\t\t<a id=\"\" class=\"ub-expand-toggle-button\" style=\"text-align: left; \" role=\"button\" aria-expanded=\"false\" aria-controls=\"ub-expand-full-\" tabindex=\"0\">\n\t\t\t\tler mais\n\t\t\t<\/a>\n\t\t<\/div>\n\n<div class=\"ub-expand-portion ub-expand-full ub-hide wp-block-ub-expand-portion\" aria-hidden=\"true\" id=\"ub-expand-portion-\">\n\t\t\t\n\n<p>As slave trade in Ribeira Grande (Cidade Velha), S\u00e3o Filipe played a crucial role, because the main product of exchange in the rescue of slaves on the African coast was cotton. The cloth produced on the island of Fogo was very appreciated in the slave trade, thus leading the Portuguese Crown, in 1687, to prohibit its commercialization to the competing maritime powers (France, Holland and England).<\/p>\n\n\n\n<p>However, with the decline of Ribeira Grande, in the 18th century, S\u00e3o Filipe experienced a period of economic decline, leading large landowners to replace cotton production with other crops, including legumes, wine, coffee and purgueira. Therefore, S\u00e3o Filipe experienced an economic increase, with the export of corn and beans to Madeira and the Canary Islands, but also coffee and wine, the latter being highly appreciated in the Brazilian market.<\/p>\n\n\n\n<p>In this way, the production and export of the island allowed the enrichment of the local elite, with significant repercussions in terms of the urban buildings of S\u00e3o Filipe, in the specific case of the townhouses, which dominate the urban fabric of this historic center.<\/p>\n\n\n\n<p class=\"translation-block\">The Historic Centre of S\u00e3o Filipe was registered on the Cabo Verdean of Indicative List for UNESCO on 16 March 2016, for criteria IV and VI.<\/p>\n\n\n\t\t\t<a id=\"\" class=\"ub-expand-toggle-button\" style=\"text-align: left; \" role=\"button\" aria-expanded=\"true\" aria-controls=\"ub-expand-full-\" tabindex=\"0\">\n\t\t\t\tler menos\n\t\t\t<\/a>\n\t\t<\/div>\n<\/div>","protected":false},"excerpt":{"rendered":"<p>A ilha do Fogo ou a ilha de S\u00e3o Filipe, como era conhecida aquando da descoberta em 1460 pelos portugueses,<\/p>","protected":false},"featured_media":700,"template":"","meta":[],"tags":[13,30],"class_list":["post-1086","monumento-e-sitio","type-monumento-e-sitio","status-publish","has-post-thumbnail","hentry","tag-centro","tag-unesco"],"_links":{"self":[{"href":"https:\/\/ipc.cv\/en\/wp-json\/wp\/v2\/monumento-e-sitio\/1086","targetHints":{"allow":["GET"]}}],"collection":[{"href":"https:\/\/ipc.cv\/en\/wp-json\/wp\/v2\/monumento-e-sitio"}],"about":[{"href":"https:\/\/ipc.cv\/en\/wp-json\/wp\/v2\/types\/monumento-e-sitio"}],"wp:featuredmedia":[{"embeddable":true,"href":"https:\/\/ipc.cv\/en\/wp-json\/wp\/v2\/media\/700"}],"wp:attachment":[{"href":"https:\/\/ipc.cv\/en\/wp-json\/wp\/v2\/media?parent=1086"}],"wp:term":[{"taxonomy":"post_tag","embeddable":true,"href":"https:\/\/ipc.cv\/en\/wp-json\/wp\/v2\/tags?post=1086"}],"curies":[{"name":"wp","href":"https:\/\/api.w.org\/{rel}","templated":true}]}}

Historic centre of São Filipe

<div class="wp-block-ub-expand ub-expand" id="ub-expand-7bb53313-b99b-4386-b645-46e3d0fa13ba" data-scroll-type="false" data-scroll-amount="" data-scroll-target="">
<div class="ub-expand-portion ub-expand-partial wp-block-ub-expand-portion" aria-hidden="false" id="ub-expand-portion-">
			

<p>A ilha do Fogo ou a ilha de São Filipe, como era conhecida aquando da descoberta em 1460 pelos portugueses, foi a segunda a ser povoada entre 1470 e 1490. A sua ocupação foi preconizada por ricos proprietários da Ribeira Grande de Santiago (Cidade Velha), com os seus escravos, no seguimento da carta de limitação de privilégios de 1472, que obrigava os moradores de Santiago a comercializarem, na costa africana, somente produtos originários da ilha.</p>



<p>Não obstante esta limitação, estes moradores aproveitaram a oportunidade para estender as suas produções de algodão para ilha do Fogo, sendo este utilizado para comercialização na costa africana, mesmo sabendo que estavam infringindo a lei. É neste contexto que São Filipe surgiu como primeiro centro urbano da ilha, emergindo no espaço onde foi construído a capela de São Felipe, local onde hoje fica o denominado “cemitério de baixo”.</p>


			<a id="" class="ub-expand-toggle-button" style="text-align: left; " role="button" aria-expanded="false" aria-controls="ub-expand-full-" tabindex="0">
				ler mais
			</a>
		</div>

<div class="ub-expand-portion ub-expand-full ub-hide wp-block-ub-expand-portion" aria-hidden="true" id="ub-expand-portion-">
			

<p>As slave trade in Ribeira Grande (Cidade Velha), São Filipe played a crucial role, because the main product of exchange in the rescue of slaves on the African coast was cotton. The cloth produced on the island of Fogo was very appreciated in the slave trade, thus leading the Portuguese Crown, in 1687, to prohibit its commercialization to the competing maritime powers (France, Holland and England).</p>



<p>However, with the decline of Ribeira Grande, in the 18th century, São Filipe experienced a period of economic decline, leading large landowners to replace cotton production with other crops, including legumes, wine, coffee and purgueira. Therefore, São Filipe experienced an economic increase, with the export of corn and beans to Madeira and the Canary Islands, but also coffee and wine, the latter being highly appreciated in the Brazilian market.</p>



<p>In this way, the production and export of the island allowed the enrichment of the local elite, with significant repercussions in terms of the urban buildings of São Filipe, in the specific case of the townhouses, which dominate the urban fabric of this historic center.</p>



<p class="translation-block">The Historic Centre of São Filipe was registered on the Cabo Verdean of Indicative List for UNESCO on 16 March 2016, for criteria IV and VI.</p>


			<a id="" class="ub-expand-toggle-button" style="text-align: left; " role="button" aria-expanded="true" aria-controls="ub-expand-full-" tabindex="0">
				ler menos
			</a>
		</div>
</div>

<p>A ilha do Fogo ou a ilha de São Filipe, como era conhecida aquando da descoberta em 1460 pelos portugueses,</p>
