{"id":830,"date":"2020-08-18T17:42:47","date_gmt":"2020-08-18T18:42:47","guid":{"rendered":"https:\/\/ipc.innovatmedialab.com\/?post_type=museus&#038;p=830"},"modified":"2024-11-27T14:24:43","modified_gmt":"2024-11-27T15:24:43","slug":"museu-norberto-tavares","status":"publish","type":"museus","link":"https:\/\/ipc.cv\/cv\/museus\/museu-norberto-tavares\/","title":{"rendered":"Museu Norberto Tavares"},"content":{"rendered":"<p>Norberto Tavares, nasceu em Santa Catarina a 6 de Julho de 1956. Era filho de um conhecido m\u00fasico local, Aristides Tavares, ex\u00edmio tocador de violino e de outros instrumentos de corda. A m\u00e3e tamb\u00e9m cantava e Norberto Tavares ter\u00e1 herdado dos seus progenitores o gosto pela m\u00fasica. De forma auto didacta aprendeu a tocar viol\u00e3o, e acorde\u00e3o, e desde muito cedo revelou os seus talentos para a m\u00fasica, despertando a aten\u00e7\u00e3o daqueles que o ouviam. <\/p>\n\n\n\n<p>Em 1973 emigrou para Portugal onde se juntou ao grupo Black Power, que viria a ser um dos mais importantes conjuntos musicais de Cabo Verde no per\u00edodo p\u00f3s-independ\u00eancia. <\/p>\n\n\n\n<p>Nos Cabo Verde di esperan\u00e7a \u00e9 o disco lan\u00e7ado em 1976 com o grupo, e cujo tema \u00e9 de sua autoria e que evidencia a genialidade do m\u00fasico, projetando-o como um dos grandes nomes do panorama musical cabo-verdiano no pa\u00eds e na di\u00e1spora. <\/p>\n\n\n\n<div class=\"show_more\"><p class=\"wpsm-show\" style=\"color: #cc0000; font-size: 100%; text-align: left;\"> ler mais<\/p><div class=\"wpsm-content\"><\/p>\n\n\n\n<p>Volta pa fonti \u00e9 o seu primeiro disco a solo, lan\u00e7ado em 1979 onde percorreu os g\u00e9neros mais representativos da m\u00fasica tradicional cabo-verdiana, nomeadamente morna, coladera, funan\u00e1 e batuco. Foi nesta caminhada que se destacou como pioneiro na tentativa de resgatar, o batuco e o funan\u00e1, dois g\u00e9neros musicais confinados ao interior rural da ilha de Santiago e durante muito tempo reprimidos e menosprezados pelas autoridades coloniais. Tamb\u00e9m se deve a sua genialidade a inova\u00e7\u00e3o destes g\u00e9neros tradicionais com a introdu\u00e7\u00e3o de instrumentos eletr\u00f3nicos, dando assim in\u00edcio \u00e0 grande revolu\u00e7\u00e3o musical que outros m\u00fasicos como Katch\u00e1s e Orlando Pantera iriam prosseguir e refor\u00e7ar. Em 1979 Norberto Tavares, a viver nos EUA, criou o Tropical Power, um dos mais conceituados conjuntos da di\u00e1spora cabo-verdiana sediada na Am\u00e9rica nas d\u00e9cadas de 80 e 90.<\/p>\n\n\n\n<p>Norberto \u00e9 por conseguinte um dos maiores nomes da m\u00fasica cabo-verdiana, em particular do funan\u00e1, seu g\u00e9nero de elei\u00e7\u00e3o, que procurou ao longo da sua carreira art\u00edstica, resgatar a ess\u00eancia identit\u00e1ria da cultura tradicional cabo-verdiana com especial destaque \u00e0s viv\u00eancias do interior da ilha de Santiago, como se celebra em \u201cJornada de um badiu\u201d, editado em 1989.<\/p>\n\n\n\n<p> O Museu Norberto Tavares, foi aberto a 26 de dezembro de 2014, como espa\u00e7o de homenagem, ao falecido m\u00fasico, pelo seu contributo para a valoriza\u00e7\u00e3o da cultura nacional, mas tamb\u00e9m enquanto espa\u00e7o de conhecimento e preserva\u00e7\u00e3o das suas mem\u00f3rias para todas as gera\u00e7\u00f5es do presente e do futuro. <\/p>\n\n\n\n<p>No museu encontra patente uma exposi\u00e7\u00e3o permanente que faz um percurso sobre a sua vida e obra, retratando com especial destaque \u00e0 sua careira art\u00edstica, atrav\u00e9s dos objetos pessoais do m\u00fasico, de seus instrumentos musicais, discos, trof\u00e9us, condecora\u00e7\u00f5es, diplomas, m\u00fasicas entre v\u00e1rios outros que permitem ao visitante um amplo conhecimento sobre quem foi Norberto Tavares.<\/p>\n\n\n\n<p> <p class=\"wpsm-hide\" style=\"color: #cc0000; font-size: 100%; text-align: left;\"> ler menus<\/p><\/div><\/div>","protected":false},"excerpt":{"rendered":"<p>O Museu\/ Centro Cultural Norberto Tavares, localizado no cora\u00e7\u00e3o da Cidade de Assomada, foi aberto a 26 de dezembro de 2014, data de<\/p>","protected":false},"featured_media":5774,"template":"","meta":[],"class_list":["post-830","museus","type-museus","status-publish","has-post-thumbnail","hentry"],"_links":{"self":[{"href":"https:\/\/ipc.cv\/cv\/wp-json\/wp\/v2\/museus\/830","targetHints":{"allow":["GET"]}}],"collection":[{"href":"https:\/\/ipc.cv\/cv\/wp-json\/wp\/v2\/museus"}],"about":[{"href":"https:\/\/ipc.cv\/cv\/wp-json\/wp\/v2\/types\/museus"}],"wp:featuredmedia":[{"embeddable":true,"href":"https:\/\/ipc.cv\/cv\/wp-json\/wp\/v2\/media\/5774"}],"wp:attachment":[{"href":"https:\/\/ipc.cv\/cv\/wp-json\/wp\/v2\/media?parent=830"}],"curies":[{"name":"wp","href":"https:\/\/api.w.org\/{rel}","templated":true}]}}

<p>Norberto Tavares, nasceu em Santa Catarina a 6 de Julho de 1956. Era filho de um conhecido músico local, Aristides Tavares, exímio tocador de violino e de outros instrumentos de corda. A mãe também cantava e Norberto Tavares terá herdado dos seus progenitores o gosto pela música. De forma auto didacta aprendeu a tocar violão, e acordeão, e desde muito cedo revelou os seus talentos para a música, despertando a atenção daqueles que o ouviam. </p>



<p>Em 1973 emigrou para Portugal onde se juntou ao grupo Black Power, que viria a ser um dos mais importantes conjuntos musicais de Cabo Verde no período pós-independência. </p>



<p>Nos Cabo Verde di esperança é o disco lançado em 1976 com o grupo, e cujo tema é de sua autoria e que evidencia a genialidade do músico, projetando-o como um dos grandes nomes do panorama musical cabo-verdiano no país e na diáspora. </p>



<div class="show_more"><p class="wpsm-show" style="color: #cc0000; font-size: 100%; text-align: left;"> ler mais</p><div class="wpsm-content"></p>



<p>Volta pa fonti é o seu primeiro disco a solo, lançado em 1979 onde percorreu os géneros mais representativos da música tradicional cabo-verdiana, nomeadamente morna, coladera, funaná e batuco. Foi nesta caminhada que se destacou como pioneiro na tentativa de resgatar, o batuco e o funaná, dois géneros musicais confinados ao interior rural da ilha de Santiago e durante muito tempo reprimidos e menosprezados pelas autoridades coloniais. Também se deve a sua genialidade a inovação destes géneros tradicionais com a introdução de instrumentos eletrónicos, dando assim início à grande revolução musical que outros músicos como Katchás e Orlando Pantera iriam prosseguir e reforçar. Em 1979 Norberto Tavares, a viver nos EUA, criou o Tropical Power, um dos mais conceituados conjuntos da diáspora cabo-verdiana sediada na América nas décadas de 80 e 90.</p>



<p>Norberto é por conseguinte um dos maiores nomes da música cabo-verdiana, em particular do funaná, seu género de eleição, que procurou ao longo da sua carreira artística, resgatar a essência identitária da cultura tradicional cabo-verdiana com especial destaque às vivências do interior da ilha de Santiago, como se celebra em “Jornada de um badiu”, editado em 1989.</p>



<p> O Museu Norberto Tavares, foi aberto a 26 de dezembro de 2014, como espaço de homenagem, ao falecido músico, pelo seu contributo para a valorização da cultura nacional, mas também enquanto espaço de conhecimento e preservação das suas memórias para todas as gerações do presente e do futuro. </p>



<p>No museu encontra patente uma exposição permanente que faz um percurso sobre a sua vida e obra, retratando com especial destaque à sua careira artística, através dos objetos pessoais do músico, de seus instrumentos musicais, discos, troféus, condecorações, diplomas, músicas entre vários outros que permitem ao visitante um amplo conhecimento sobre quem foi Norberto Tavares.</p>



<p> <p class="wpsm-hide" style="color: #cc0000; font-size: 100%; text-align: left;"> ler menus</p></div></div>

<p>O Museu/ Centro Cultural Norberto Tavares, localizado no coração da Cidade de Assomada, foi aberto a 26 de dezembro de 2014, data de</p>
