{"id":7251,"date":"2023-07-06T12:03:54","date_gmt":"2023-07-06T13:03:54","guid":{"rendered":"https:\/\/ipc.cv\/?post_type=museus&#038;p=7251"},"modified":"2025-04-21T15:11:28","modified_gmt":"2025-04-21T16:11:28","slug":"museu-de-arqueologia-da-boa-vista","status":"publish","type":"museus","link":"https:\/\/ipc.cv\/cv\/museus\/museu-de-arqueologia-da-boa-vista\/","title":{"rendered":"Museu de Arqueologia da Boa Vista"},"content":{"rendered":"<p>O Museu de Arqueologia da Boa Vista, inaugurado em 08 de junho de 2023, \u00e9 o resultado final de uma longa jornada de recolha e tratamento de artefactos arqueol\u00f3gicos terrestres e subaqu\u00e1ticos realizados na ilha da Boa Vista nos anos 90 e 2000, nomeadamente as escava\u00e7\u00f5es arqueol\u00f3gicas realizadas entre 1992 e 2002, e as escava\u00e7\u00f5es realizadas nas ru\u00ednas do Forte Duque de Bragan\u00e7a em 1994-1995 e 2019.<\/p>\n\n\n\n<p> O Museu de Arqueologia da Boa Vista est\u00e1 instalado num edif\u00edcio do s\u00e9culo XX onde funcionou outrora a antiga Alf\u00e2ndega datada de 1840.<\/p>\n\n\n\n<p> O edif\u00edcio inventariado como Patrim\u00f3nio Nacional foi transferido do Patrim\u00f3nio do Estado para a Minist\u00e9rio da Cultura e das Ind\u00fastrias Criativas, no quadro do Programa de Reconvers\u00e3o Patrimonial, com vista \u00e0 sua reabilita\u00e7\u00e3o e adequa\u00e7\u00e3o enquanto estrutura museol\u00f3gica, no \u00e2mbito do Plano Operacional do Turismo (POT) \u2013 Cabo Verde, sendo Co-financiado pelo projeto Margullar II, do Programa MAC 2014-2020, financiado pela Uni\u00e3o Europeia, a BUREAU da UNESCO Dakar e pela C\u00e2mara Municipal da Boa Vista. <\/p>\n\n\n\n<p>O esp\u00f3lio do museu \u00e9 formado essencialmente por artefactos provenientes de 5 navios naufragados na ilha da Boa Vista, Leijmudeen (1770), Hartwell (1787), Lady Burgess (1806), Varandinha (desconhecido) e Santo Andr\u00e9 (1856), nomeadamente pe\u00e7as de estrutura de navio, materiais b\u00e9licos, moedas variadas, assess\u00f3rios de uso pessoal, cer\u00e2mica, utens\u00edlios de cozinha, objetos que representam a vida a bordo das embarca\u00e7\u00f5es, e artefactos encontrados no Forte Duque de Bragan\u00e7a.<\/p>","protected":false},"excerpt":{"rendered":"<p>O Museu de Arqueologia da Boa Vista, inaugurado em 08 de junho de 2023, \u00e9 o resultado final de uma longa jornada de recolha e tratamento de artefactos arqueol\u00f3gicos terrestres e subaqu\u00e1ticos realizados na ilha da Boa Vista nos anos 90 e 2000, nomeadamente as escava\u00e7\u00f5es arqueol\u00f3gicas realizadas entre 1992 e 2002, e as escava\u00e7\u00f5es [&hellip;]<\/p>\n","protected":false},"featured_media":7324,"template":"","meta":[],"class_list":["post-7251","museus","type-museus","status-publish","has-post-thumbnail","hentry"],"_links":{"self":[{"href":"https:\/\/ipc.cv\/cv\/wp-json\/wp\/v2\/museus\/7251","targetHints":{"allow":["GET"]}}],"collection":[{"href":"https:\/\/ipc.cv\/cv\/wp-json\/wp\/v2\/museus"}],"about":[{"href":"https:\/\/ipc.cv\/cv\/wp-json\/wp\/v2\/types\/museus"}],"wp:featuredmedia":[{"embeddable":true,"href":"https:\/\/ipc.cv\/cv\/wp-json\/wp\/v2\/media\/7324"}],"wp:attachment":[{"href":"https:\/\/ipc.cv\/cv\/wp-json\/wp\/v2\/media?parent=7251"}],"curies":[{"name":"wp","href":"https:\/\/api.w.org\/{rel}","templated":true}]}}

<p>O Museu de Arqueologia da Boa Vista, inaugurado em 08 de junho de 2023, é o resultado final de uma longa jornada de recolha e tratamento de artefactos arqueológicos terrestres e subaquáticos realizados na ilha da Boa Vista nos anos 90 e 2000, nomeadamente as escavações arqueológicas realizadas entre 1992 e 2002, e as escavações realizadas nas ruínas do Forte Duque de Bragança em 1994-1995 e 2019.</p>



<p> O Museu de Arqueologia da Boa Vista está instalado num edifício do século XX onde funcionou outrora a antiga Alfândega datada de 1840.</p>



<p> O edifício inventariado como Património Nacional foi transferido do Património do Estado para a Ministério da Cultura e das Indústrias Criativas, no quadro do Programa de Reconversão Patrimonial, com vista à sua reabilitação e adequação enquanto estrutura museológica, no âmbito do Plano Operacional do Turismo (POT) – Cabo Verde, sendo Co-financiado pelo projeto Margullar II, do Programa MAC 2014-2020, financiado pela União Europeia, a BUREAU da UNESCO Dakar e pela Câmara Municipal da Boa Vista. </p>



<p>O espólio do museu é formado essencialmente por artefactos provenientes de 5 navios naufragados na ilha da Boa Vista, Leijmudeen (1770), Hartwell (1787), Lady Burgess (1806), Varandinha (desconhecido) e Santo André (1856), nomeadamente peças de estrutura de navio, materiais bélicos, moedas variadas, assessórios de uso pessoal, cerâmica, utensílios de cozinha, objetos que representam a vida a bordo das embarcações, e artefactos encontrados no Forte Duque de Bragança.</p>

<p>O Museu de Arqueologia da Boa Vista, inaugurado em 08 de junho de 2023, é o resultado final de uma longa jornada de recolha e tratamento de artefactos arqueológicos terrestres e subaquáticos realizados na ilha da Boa Vista nos anos 90 e 2000, nomeadamente as escavações arqueológicas realizadas entre 1992 e 2002, e as escavações [&hellip;]</p>
