{"id":2352,"date":"2021-03-02T11:52:12","date_gmt":"2021-03-02T12:52:12","guid":{"rendered":"https:\/\/ipc.innovatmedialab.com\/?post_type=museus&#038;p=2352"},"modified":"2024-11-27T09:59:44","modified_gmt":"2024-11-27T10:59:44","slug":"casa-da-morna-sodade","status":"publish","type":"museus","link":"https:\/\/ipc.cv\/cv\/museus\/casa-da-morna-sodade\/","title":{"rendered":"Casa da Morna Sodade"},"content":{"rendered":"<div class=\"wp-block-ub-expand ub-expand\" id=\"ub-expand-7b191275-55c0-4a9f-be66-dc35dbb95c14\" data-scroll-type=\"false\" data-scroll-amount=\"\" data-scroll-target=\"\">\n<div class=\"ub-expand-portion ub-expand-partial wp-block-ub-expand-portion\" id=\"ub-expand-partial-1cec14dd-5bd1-4b91-98ff-439dd11a88cd\" aria-hidden=\"false\">\n\t\t\t\n\n<p><\/p>\n\n\n\n<p>A Casa da Morna Sodade, resulta de uma parceria entre o Munic\u00edpio de Tarrafal de S\u00e3o Nicolau e o Minist\u00e9rio da Cultura e das Ind\u00fastrias Criativas atrav\u00e9s do Instituto do Patrim\u00f3nio Cultural- IPC, em decorr\u00eancia de um processo de dinamiza\u00e7\u00e3o da morna na localidade de Praia Branca onde nasceu a morna sodade. <\/p>\n\n\n\n<p>A implementa\u00e7\u00e3o deste espa\u00e7o encal\u00e7a o contributo do \u201cSodade, Festival d\u00b4Morna\u201d iniciado em 2013, para homenagear Armando Zeferino Soares, autor, legal, da morna sodade e que culminou na aquisi\u00e7\u00e3o e reabilita\u00e7\u00e3o da casa do falecido m\u00fasico pela C\u00e2mara Municipal. A morna \u00e9 o g\u00eanero mais representativo do contexto cultural das ilhas, reconhecida pela UNESCO como Patrim\u00f3nio Imaterial da Humanidade.<\/p>\n\n\n\n<p><\/p>\n\n\n\n<p><\/p>\n\n\n\t\t\t<a id=\"ub-expand-toggle-partial-1cec14dd-5bd1-4b91-98ff-439dd11a88cd\" class=\"ub-expand-toggle-button\" style=\"text-align: left; \" role=\"button\" aria-expanded=\"false\" aria-controls=\"ub-expand-full-1cec14dd-5bd1-4b91-98ff-439dd11a88cd\" tabindex=\"0\">\n\t\t\t\tSaber Mais\n\t\t\t<\/a>\n\t\t<\/div>\n\n<div class=\"ub-expand-portion ub-expand-full ub-hide wp-block-ub-expand-portion\" id=\"ub-expand-full-1cec14dd-5bd1-4b91-98ff-439dd11a88cd\" aria-hidden=\"true\">\n\t\t\t\n\n<p> Por conseguinte este espa\u00e7o visa contribuir para a promo\u00e7\u00e3o, preserva\u00e7\u00e3o e interpreta\u00e7\u00e3o desta pr\u00e1tica social e cultural do pa\u00eds, conforme os princ\u00edpios do Plano de Salvaguarda entregue \u00e0 UNESCO como parte do processo de Candidatura. <\/p>\n\n\n\n<p>A Casa da Morna Sodade apresenta-se com um espa\u00e7o de refer\u00eancia para o conhecimento e frui\u00e7\u00e3o da morna atrav\u00e9s de um percurso que enaltece as viv\u00eancias do cabo-verdiano na inspira\u00e7\u00e3o, surgimento e evolu\u00e7\u00e3o deste g\u00eanero identit\u00e1rio, enobrece a localidade de Praia Branca onde nasceu sodade que conquistou os palcos do mundo. <\/p>\n\n\n\n<p>O discurso expositivo real\u00e7a, ainda, a sua inscri\u00e7\u00e3o na lista do Patrim\u00f3nio Imaterial da Humanidade, que consagra o seu valor universal excecional e abre novas possibilidades de proje\u00e7\u00e3o.<\/p>\n\n\n\n<p> Sinta-se convidado a fazer esta visita de sodade e haurir a morna como parte da cabo-verdianidade em toda a sua dimens\u00e3o.<\/p>\n\n\n\n<p><\/p>\n\n\n\n<p><\/p>\n\n\n\n<p><\/p>\n\n\n\t\t\t<a id=\"ub-expand-toggle-full-1cec14dd-5bd1-4b91-98ff-439dd11a88cd\" class=\"ub-expand-toggle-button\" style=\"text-align: left; \" role=\"button\" aria-expanded=\"true\" aria-controls=\"ub-expand-full-1cec14dd-5bd1-4b91-98ff-439dd11a88cd\" tabindex=\"0\">\n\t\t\t\tLer menos\n\t\t\t<\/a>\n\t\t<\/div>\n<\/div>","protected":false},"excerpt":{"rendered":"<p>A Casa da Morna Sodade, resulta de uma parceria entre o Munic\u00edpio de Tarrafal de S\u00e3o Nicolau e o Minist\u00e9rio da Cultura e das Ind\u00fastrias Criativas atrav\u00e9s<\/p>","protected":false},"featured_media":6707,"template":"","meta":[],"class_list":["post-2352","museus","type-museus","status-publish","has-post-thumbnail","hentry"],"_links":{"self":[{"href":"https:\/\/ipc.cv\/cv\/wp-json\/wp\/v2\/museus\/2352","targetHints":{"allow":["GET"]}}],"collection":[{"href":"https:\/\/ipc.cv\/cv\/wp-json\/wp\/v2\/museus"}],"about":[{"href":"https:\/\/ipc.cv\/cv\/wp-json\/wp\/v2\/types\/museus"}],"wp:featuredmedia":[{"embeddable":true,"href":"https:\/\/ipc.cv\/cv\/wp-json\/wp\/v2\/media\/6707"}],"wp:attachment":[{"href":"https:\/\/ipc.cv\/cv\/wp-json\/wp\/v2\/media?parent=2352"}],"curies":[{"name":"wp","href":"https:\/\/api.w.org\/{rel}","templated":true}]}}

<div class="wp-block-ub-expand ub-expand" id="ub-expand-7b191275-55c0-4a9f-be66-dc35dbb95c14" data-scroll-type="false" data-scroll-amount="" data-scroll-target="">
<div class="ub-expand-portion ub-expand-partial wp-block-ub-expand-portion" id="ub-expand-partial-1cec14dd-5bd1-4b91-98ff-439dd11a88cd" aria-hidden="false">
			

<p></p>



<p>A Casa da Morna Sodade, resulta de uma parceria entre o Município de Tarrafal de São Nicolau e o Ministério da Cultura e das Indústrias Criativas através do Instituto do Património Cultural- IPC, em decorrência de um processo de dinamização da morna na localidade de Praia Branca onde nasceu a morna sodade. </p>



<p>A implementação deste espaço encalça o contributo do “Sodade, Festival d´Morna” iniciado em 2013, para homenagear Armando Zeferino Soares, autor, legal, da morna sodade e que culminou na aquisição e reabilitação da casa do falecido músico pela Câmara Municipal. A morna é o gênero mais representativo do contexto cultural das ilhas, reconhecida pela UNESCO como Património Imaterial da Humanidade.</p>



<p></p>



<p></p>


			<a id="ub-expand-toggle-partial-1cec14dd-5bd1-4b91-98ff-439dd11a88cd" class="ub-expand-toggle-button" style="text-align: left; " role="button" aria-expanded="false" aria-controls="ub-expand-full-1cec14dd-5bd1-4b91-98ff-439dd11a88cd" tabindex="0">
				Saber Mais
			</a>
		</div>

<div class="ub-expand-portion ub-expand-full ub-hide wp-block-ub-expand-portion" id="ub-expand-full-1cec14dd-5bd1-4b91-98ff-439dd11a88cd" aria-hidden="true">
			

<p> Por conseguinte este espaço visa contribuir para a promoção, preservação e interpretação desta prática social e cultural do país, conforme os princípios do Plano de Salvaguarda entregue à UNESCO como parte do processo de Candidatura. </p>



<p>A Casa da Morna Sodade apresenta-se com um espaço de referência para o conhecimento e fruição da morna através de um percurso que enaltece as vivências do cabo-verdiano na inspiração, surgimento e evolução deste gênero identitário, enobrece a localidade de Praia Branca onde nasceu sodade que conquistou os palcos do mundo. </p>



<p>O discurso expositivo realça, ainda, a sua inscrição na lista do Património Imaterial da Humanidade, que consagra o seu valor universal excecional e abre novas possibilidades de projeção.</p>



<p> Sinta-se convidado a fazer esta visita de sodade e haurir a morna como parte da cabo-verdianidade em toda a sua dimensão.</p>



<p></p>



<p></p>



<p></p>


			<a id="ub-expand-toggle-full-1cec14dd-5bd1-4b91-98ff-439dd11a88cd" class="ub-expand-toggle-button" style="text-align: left; " role="button" aria-expanded="true" aria-controls="ub-expand-full-1cec14dd-5bd1-4b91-98ff-439dd11a88cd" tabindex="0">
				Ler menos
			</a>
		</div>
</div>

<p>A Casa da Morna Sodade, resulta de uma parceria entre o Município de Tarrafal de São Nicolau e o Ministério da Cultura e das Indústrias Criativas através</p>
