{"id":1217,"date":"2020-08-23T21:48:57","date_gmt":"2020-08-23T22:48:57","guid":{"rendered":"https:\/\/ipc.innovatmedialab.com\/?post_type=monumento-e-sitio&#038;p=1217"},"modified":"2021-08-19T11:12:14","modified_gmt":"2021-08-19T12:12:14","slug":"centro-historico-da-ribeira-brava","status":"publish","type":"monumento-e-sitio","link":"https:\/\/ipc.cv\/cv\/monumento-e-sitio\/centro-historico-da-ribeira-brava\/","title":{"rendered":"Centro Hist\u00f3rico da Ribeira Brava"},"content":{"rendered":"<div class=\"wp-block-ub-expand ub-expand\" id=\"ub-expand-0cfc25b5-bf79-42cc-b6df-c2944104fbf8\" data-scroll-type=\"false\" data-scroll-amount=\"\" data-scroll-target=\"\">\n<div class=\"ub-expand-portion ub-expand-partial wp-block-ub-expand-portion\" id=\"ub-expand-partial-0cfc25b5-bf79-42cc-b6df-c2944104fbf8\" aria-hidden=\"false\">\n\t\t\t\n\n<p>A vila de Ribeira Brava de S\u00e3o Nicolau, uma das mais antigas de Cabo verde, foi primeira a ser classificado como Centro Hist\u00f3rico, atrav\u00e9s da Resolu\u00e7\u00e3o n\u00ba 54\/2010 de 18 de outubro.<\/p>\n\n\n\n<p>Fundada em 1731, possui uma tra\u00e7a arquitet\u00f3nica peculiar que a caracteriza e que \u00e9 o testemunho da hist\u00f3ria e da viv\u00eancia dos habitantes da ilha, em particular, e de Cabo Verde, em geral. Essa tra\u00e7a \u00e9 significativa. De ruas estreitas, ladeadas por casas de arquitetura antiga, exige dos visitantes um momento de contempla\u00e7\u00e3o e tamb\u00e9m de admira\u00e7\u00e3o.<\/p>\n\n\n\t\t\t<a id=\"ub-expand-toggle-partial-0cfc25b5-bf79-42cc-b6df-c2944104fbf8\" class=\"ub-expand-toggle-button\" style=\"text-align: left; \" role=\"button\" aria-expanded=\"false\" aria-controls=\"ub-expand-full-0cfc25b5-bf79-42cc-b6df-c2944104fbf8\" tabindex=\"0\">\n\t\t\t\tler mais\n\t\t\t<\/a>\n\t\t<\/div>\n\n<div class=\"ub-expand-portion ub-expand-full ub-hide wp-block-ub-expand-portion\" id=\"ub-expand-full-0cfc25b5-bf79-42cc-b6df-c2944104fbf8\" aria-hidden=\"true\">\n\t\t\t\n\n<p>Os seus monumentos distinguem-se pela sua import\u00e2ncia, arte e beleza. Merecem men\u00e7\u00e3o especial a Igreja Matriz de Nossa Senhora do Ros\u00e1rio, o edif\u00edcio do Semin\u00e1rio \u2013 Liceu que foi um farol de cultura no s\u00e9culo XIX e princ\u00edpios do s\u00e9culo XX, a Escola Central que data de 1947, o majestoso busto do doutor J\u00falio Jos\u00e9 Dias que permitiu que a sua casa fosse transformada no Semin\u00e1rio, e tantos outros elementos patrimoniais que engrandecem a ilha e Cabo Verde.<\/p>\n\n\n\n<p>De salientar que, a Vila da Ribeira Brava chegou a albergar a Sede da Diocese e, do ponto de vista cultural, foi um laborat\u00f3rio de forma\u00e7\u00e3o religiosa, acad\u00e9mica e human\u00edstica de uma pl\u00eaiade de figuras importantes que, tanto na \u00e9poca pr\u00e9-claridosa, como na claridosa e na p\u00f3s-claridosa, ajudaram a moldar e a interpretar a alma e o sentir caboverdiano, ajudaram na forma\u00e7\u00e3o da consci\u00eancia islenha, como ainda no \u00abide\u00e1rio de fincar os p\u00e9s no ch\u00e3o\u00bb.<\/p>\n\n\n\n<p>Devido ao seu valor hist\u00f3rico e patrimonial, a Vila da Ribeira Brava integra o pante\u00e3o dos bens patrimoniais nacionais.<\/p>\n\n\n\t\t\t<a id=\"ub-expand-toggle-full-0cfc25b5-bf79-42cc-b6df-c2944104fbf8\" class=\"ub-expand-toggle-button\" style=\"text-align: left; \" role=\"button\" aria-expanded=\"true\" aria-controls=\"ub-expand-full-0cfc25b5-bf79-42cc-b6df-c2944104fbf8\" tabindex=\"0\">\n\t\t\t\tler menos\n\t\t\t<\/a>\n\t\t<\/div>\n<\/div>","protected":false},"excerpt":{"rendered":"<p>A vila de Ribeira Brava de S\u00e3o Nicolau, uma das mais antigas de Cabo verde, foi primeira a ser classificado como Centro Hist\u00f3rico<\/p>","protected":false},"featured_media":1220,"template":"","meta":[],"tags":[13],"class_list":["post-1217","monumento-e-sitio","type-monumento-e-sitio","status-publish","has-post-thumbnail","hentry","tag-centro"],"_links":{"self":[{"href":"https:\/\/ipc.cv\/cv\/wp-json\/wp\/v2\/monumento-e-sitio\/1217","targetHints":{"allow":["GET"]}}],"collection":[{"href":"https:\/\/ipc.cv\/cv\/wp-json\/wp\/v2\/monumento-e-sitio"}],"about":[{"href":"https:\/\/ipc.cv\/cv\/wp-json\/wp\/v2\/types\/monumento-e-sitio"}],"wp:featuredmedia":[{"embeddable":true,"href":"https:\/\/ipc.cv\/cv\/wp-json\/wp\/v2\/media\/1220"}],"wp:attachment":[{"href":"https:\/\/ipc.cv\/cv\/wp-json\/wp\/v2\/media?parent=1217"}],"wp:term":[{"taxonomy":"post_tag","embeddable":true,"href":"https:\/\/ipc.cv\/cv\/wp-json\/wp\/v2\/tags?post=1217"}],"curies":[{"name":"wp","href":"https:\/\/api.w.org\/{rel}","templated":true}]}}

Centro Histórico da Ribeira Brava

<div class="wp-block-ub-expand ub-expand" id="ub-expand-0cfc25b5-bf79-42cc-b6df-c2944104fbf8" data-scroll-type="false" data-scroll-amount="" data-scroll-target="">
<div class="ub-expand-portion ub-expand-partial wp-block-ub-expand-portion" id="ub-expand-partial-0cfc25b5-bf79-42cc-b6df-c2944104fbf8" aria-hidden="false">
			

<p>A vila de Ribeira Brava de São Nicolau, uma das mais antigas de Cabo verde, foi primeira a ser classificado como Centro Histórico, através da Resolução nº 54/2010 de 18 de outubro.</p>



<p>Fundada em 1731, possui uma traça arquitetónica peculiar que a caracteriza e que é o testemunho da história e da vivência dos habitantes da ilha, em particular, e de Cabo Verde, em geral. Essa traça é significativa. De ruas estreitas, ladeadas por casas de arquitetura antiga, exige dos visitantes um momento de contemplação e também de admiração.</p>


			<a id="ub-expand-toggle-partial-0cfc25b5-bf79-42cc-b6df-c2944104fbf8" class="ub-expand-toggle-button" style="text-align: left; " role="button" aria-expanded="false" aria-controls="ub-expand-full-0cfc25b5-bf79-42cc-b6df-c2944104fbf8" tabindex="0">
				ler mais
			</a>
		</div>

<div class="ub-expand-portion ub-expand-full ub-hide wp-block-ub-expand-portion" id="ub-expand-full-0cfc25b5-bf79-42cc-b6df-c2944104fbf8" aria-hidden="true">
			

<p>Os seus monumentos distinguem-se pela sua importância, arte e beleza. Merecem menção especial a Igreja Matriz de Nossa Senhora do Rosário, o edifício do Seminário – Liceu que foi um farol de cultura no século XIX e princípios do século XX, a Escola Central que data de 1947, o majestoso busto do doutor Júlio José Dias que permitiu que a sua casa fosse transformada no Seminário, e tantos outros elementos patrimoniais que engrandecem a ilha e Cabo Verde.</p>



<p>De salientar que, a Vila da Ribeira Brava chegou a albergar a Sede da Diocese e, do ponto de vista cultural, foi um laboratório de formação religiosa, académica e humanística de uma plêiade de figuras importantes que, tanto na época pré-claridosa, como na claridosa e na pós-claridosa, ajudaram a moldar e a interpretar a alma e o sentir caboverdiano, ajudaram na formação da consciência islenha, como ainda no «ideário de fincar os pés no chão».</p>



<p>Devido ao seu valor histórico e patrimonial, a Vila da Ribeira Brava integra o panteão dos bens patrimoniais nacionais.</p>


			<a id="ub-expand-toggle-full-0cfc25b5-bf79-42cc-b6df-c2944104fbf8" class="ub-expand-toggle-button" style="text-align: left; " role="button" aria-expanded="true" aria-controls="ub-expand-full-0cfc25b5-bf79-42cc-b6df-c2944104fbf8" tabindex="0">
				ler menos
			</a>
		</div>
</div>

<p>A vila de Ribeira Brava de São Nicolau, uma das mais antigas de Cabo verde, foi primeira a ser classificado como Centro Histórico</p>
