{"id":1212,"date":"2020-08-23T21:45:27","date_gmt":"2020-08-23T22:45:27","guid":{"rendered":"https:\/\/ipc.innovatmedialab.com\/?post_type=monumento-e-sitio&#038;p=1212"},"modified":"2021-08-19T11:49:40","modified_gmt":"2021-08-19T12:49:40","slug":"centro-historico-do-mindelo","status":"publish","type":"monumento-e-sitio","link":"https:\/\/ipc.cv\/cv\/monumento-e-sitio\/centro-historico-do-mindelo\/","title":{"rendered":"Centro Hist\u00f3rico do Mindelo"},"content":{"rendered":"<div class=\"wp-block-ub-expand ub-expand\" id=\"ub-expand-9f080cbd-898f-4861-9882-b0cb6bc3410c\" data-scroll-type=\"false\" data-scroll-amount=\"\" data-scroll-target=\"\">\n<div class=\"ub-expand-portion ub-expand-partial wp-block-ub-expand-portion\" id=\"ub-expand-partial-9f080cbd-898f-4861-9882-b0cb6bc3410c\" aria-hidden=\"false\">\n\t\t\t\n\n<p>O centro hist\u00f3rico do Mindelo, est\u00e1 vinculado ao passado grandioso da ilha de S\u00e3o Vicente e, que se manifesta em edif\u00edcios diferenciadas no tempo e no estilo arquitet\u00f3nico. A despeito da sua humaniza\u00e7\u00e3o tardia, Mindelo experimentou franco desenvolvimento a partir dos meados do s\u00e9culo XIX, com instala\u00e7\u00f5es das companhias carvoeiras inglesas atra\u00eddas pela excel\u00eancia da baia do Porto Grande e pela privilegiada posi\u00e7\u00e3o geoestrat\u00e9gica do arquip\u00e9lago, para o abastecimento dos navios que navegavam no atl\u00e2ntico sul.<\/p>\n\n\n\n<p>Decorrente do crescimento econ\u00f3mico e populacional que conferiu cada vez mais maior import\u00e2ncia \u00e0 ilha, a povoa\u00e7\u00e3o do Mindelo foi elevada \u00e0 categoria de vila no ano de 1858, pelo Decreto R\u00e9gio de 29 de abril. Volvidos cerca de vinte anos adquiriu o estatuto de cidade.<\/p>\n\n\n\t\t\t<a id=\"ub-expand-toggle-partial-9f080cbd-898f-4861-9882-b0cb6bc3410c\" class=\"ub-expand-toggle-button\" style=\"text-align: left; \" role=\"button\" aria-expanded=\"false\" aria-controls=\"ub-expand-full-9f080cbd-898f-4861-9882-b0cb6bc3410c\" tabindex=\"0\">\n\t\t\t\tler mais\n\t\t\t<\/a>\n\t\t<\/div>\n\n<div class=\"ub-expand-portion ub-expand-full ub-hide wp-block-ub-expand-portion\" id=\"ub-expand-full-9f080cbd-898f-4861-9882-b0cb6bc3410c\" aria-hidden=\"true\">\n\t\t\t\n\n<p>Atualmente, o Centro Hist\u00f3rico, que \u00e9 designado de Morada, testemunha a intensa atividade humana em torno do Porto Grande, o que proporcionou o surgimento de uma arquitetura peculiar, com forte cunho colonial vis\u00edvel nos edif\u00edcios, nos jardins, nos corretos, nos largos, nas ruas e passeios.<\/p>\n\n\n\n<p>Por outro lado, a intensa atividade portu\u00e1ria permitiu uma forte intera\u00e7\u00e3o de diferentes povos, consubstanciando-se numa cultura diversificada, gerando condi\u00e7\u00f5es necess\u00e1rias para o surgimento de artistas de renome internacional como a Ces\u00e1ria \u00c9vora.<\/p>\n\n\n\n<p>Assim, reconhecendo o valor hist\u00f3rico e patrimonial do Centro Hist\u00f3rico do Mindelo, este foi classificado como Patrim\u00f3nio Nacional em 2012, pela Resolu\u00e7\u00e3o n\u00ba 6\/2012 de 31 de janeiro.<\/p>\n\n\n\t\t\t<a id=\"ub-expand-toggle-full-9f080cbd-898f-4861-9882-b0cb6bc3410c\" class=\"ub-expand-toggle-button\" style=\"text-align: left; \" role=\"button\" aria-expanded=\"true\" aria-controls=\"ub-expand-full-9f080cbd-898f-4861-9882-b0cb6bc3410c\" tabindex=\"0\">\n\t\t\t\tler menos\n\t\t\t<\/a>\n\t\t<\/div>\n<\/div>","protected":false},"excerpt":{"rendered":"<p>O centro hist\u00f3rico do Mindelo, est\u00e1 vinculado ao passado grandioso da ilha de S\u00e3o Vicente e, que se manifesta em edif\u00edcios diferenciadas<\/p>","protected":false},"featured_media":1215,"template":"","meta":[],"tags":[13],"class_list":["post-1212","monumento-e-sitio","type-monumento-e-sitio","status-publish","has-post-thumbnail","hentry","tag-centro"],"_links":{"self":[{"href":"https:\/\/ipc.cv\/cv\/wp-json\/wp\/v2\/monumento-e-sitio\/1212","targetHints":{"allow":["GET"]}}],"collection":[{"href":"https:\/\/ipc.cv\/cv\/wp-json\/wp\/v2\/monumento-e-sitio"}],"about":[{"href":"https:\/\/ipc.cv\/cv\/wp-json\/wp\/v2\/types\/monumento-e-sitio"}],"wp:featuredmedia":[{"embeddable":true,"href":"https:\/\/ipc.cv\/cv\/wp-json\/wp\/v2\/media\/1215"}],"wp:attachment":[{"href":"https:\/\/ipc.cv\/cv\/wp-json\/wp\/v2\/media?parent=1212"}],"wp:term":[{"taxonomy":"post_tag","embeddable":true,"href":"https:\/\/ipc.cv\/cv\/wp-json\/wp\/v2\/tags?post=1212"}],"curies":[{"name":"wp","href":"https:\/\/api.w.org\/{rel}","templated":true}]}}

Centro Histórico do Mindelo

<div class="wp-block-ub-expand ub-expand" id="ub-expand-9f080cbd-898f-4861-9882-b0cb6bc3410c" data-scroll-type="false" data-scroll-amount="" data-scroll-target="">
<div class="ub-expand-portion ub-expand-partial wp-block-ub-expand-portion" id="ub-expand-partial-9f080cbd-898f-4861-9882-b0cb6bc3410c" aria-hidden="false">
			

<p>O centro histórico do Mindelo, está vinculado ao passado grandioso da ilha de São Vicente e, que se manifesta em edifícios diferenciadas no tempo e no estilo arquitetónico. A despeito da sua humanização tardia, Mindelo experimentou franco desenvolvimento a partir dos meados do século XIX, com instalações das companhias carvoeiras inglesas atraídas pela excelência da baia do Porto Grande e pela privilegiada posição geoestratégica do arquipélago, para o abastecimento dos navios que navegavam no atlântico sul.</p>



<p>Decorrente do crescimento económico e populacional que conferiu cada vez mais maior importância à ilha, a povoação do Mindelo foi elevada à categoria de vila no ano de 1858, pelo Decreto Régio de 29 de abril. Volvidos cerca de vinte anos adquiriu o estatuto de cidade.</p>


			<a id="ub-expand-toggle-partial-9f080cbd-898f-4861-9882-b0cb6bc3410c" class="ub-expand-toggle-button" style="text-align: left; " role="button" aria-expanded="false" aria-controls="ub-expand-full-9f080cbd-898f-4861-9882-b0cb6bc3410c" tabindex="0">
				ler mais
			</a>
		</div>

<div class="ub-expand-portion ub-expand-full ub-hide wp-block-ub-expand-portion" id="ub-expand-full-9f080cbd-898f-4861-9882-b0cb6bc3410c" aria-hidden="true">
			

<p>Atualmente, o Centro Histórico, que é designado de Morada, testemunha a intensa atividade humana em torno do Porto Grande, o que proporcionou o surgimento de uma arquitetura peculiar, com forte cunho colonial visível nos edifícios, nos jardins, nos corretos, nos largos, nas ruas e passeios.</p>



<p>Por outro lado, a intensa atividade portuária permitiu uma forte interação de diferentes povos, consubstanciando-se numa cultura diversificada, gerando condições necessárias para o surgimento de artistas de renome internacional como a Cesária Évora.</p>



<p>Assim, reconhecendo o valor histórico e patrimonial do Centro Histórico do Mindelo, este foi classificado como Património Nacional em 2012, pela Resolução nº 6/2012 de 31 de janeiro.</p>


			<a id="ub-expand-toggle-full-9f080cbd-898f-4861-9882-b0cb6bc3410c" class="ub-expand-toggle-button" style="text-align: left; " role="button" aria-expanded="true" aria-controls="ub-expand-full-9f080cbd-898f-4861-9882-b0cb6bc3410c" tabindex="0">
				ler menos
			</a>
		</div>
</div>

<p>O centro histórico do Mindelo, está vinculado ao passado grandioso da ilha de São Vicente e, que se manifesta em edifícios diferenciadas</p>
