{"id":1093,"date":"2020-08-23T17:09:48","date_gmt":"2020-08-23T18:09:48","guid":{"rendered":"https:\/\/ipc.innovatmedialab.com\/?post_type=monumento-e-sitio&#038;p=1093"},"modified":"2021-08-19T12:51:09","modified_gmt":"2021-08-19T13:51:09","slug":"centro-historico-da-praia","status":"publish","type":"monumento-e-sitio","link":"https:\/\/ipc.cv\/cv\/monumento-e-sitio\/centro-historico-da-praia\/","title":{"rendered":"Centro Hist\u00f3rico da Praia"},"content":{"rendered":"<div class=\"wp-block-ub-expand ub-expand\" id=\"ub-expand-025c5de4-b980-4202-afdf-90a6793b57c9\" data-scroll-type=\"false\" data-scroll-amount=\"\" data-scroll-target=\"\">\n<div class=\"ub-expand-portion ub-expand-partial wp-block-ub-expand-portion\" id=\"ub-expand-partial-025c5de4-b980-4202-afdf-90a6793b57c9\" aria-hidden=\"false\">\n\t\t\t\n\n<p>O Centro Hist\u00f3rico da Praia (Plateau) corresponde a um primitivo n\u00facleo populacional, com 28 hectares de superf\u00edcie, situado no planalto naturalmente fortificado de Santa Maria da Vit\u00f3ria, sobranceira ao Porto do mesmo nome, por onde a cidade se emergiu.<\/p>\n\n\n\n<p>Configurou-se de imediato como s\u00edtio estrat\u00e9gico militar, permitindo controlar atividades mar\u00edtimas e comerciais de toda a zona. O s\u00edtio alberga atualmente um conjunto significativo do passado colonial cabo-verdiano, constitu\u00eddo de in\u00fameras infraestruturas de cariz administrativo, militar e religioso, significativamente preservados e confinados nesse reduzido espa\u00e7o.<\/p>\n\n\n\t\t\t<a id=\"ub-expand-toggle-partial-025c5de4-b980-4202-afdf-90a6793b57c9\" class=\"ub-expand-toggle-button\" style=\"text-align: left; \" role=\"button\" aria-expanded=\"false\" aria-controls=\"ub-expand-full-025c5de4-b980-4202-afdf-90a6793b57c9\" tabindex=\"0\">\n\t\t\t\tler mais\n\t\t\t<\/a>\n\t\t<\/div>\n\n<div class=\"ub-expand-portion ub-expand-full ub-hide wp-block-ub-expand-portion\" id=\"ub-expand-full-025c5de4-b980-4202-afdf-90a6793b57c9\" aria-hidden=\"true\">\n\t\t\t\n\n<p>Com o decl\u00ednio da Capitania de Alcatraz, a qual pertencia, a Praia de Santa Maria, como era ent\u00e3o designada, desenvolveu-se na segunda d\u00e9cada do s\u00e9culo XVI,\u00a0passando a ser sede da Capitania do Norte. Ascendeu igualmente \u00e0 categoria de vila.<\/p>\n\n\n\n<p>Mais tarde, beneficiou de igual modo do decl\u00ednio da cidade da Ribeira Grande, para se transformar, ao longo dos tempos, devido a sua localiza\u00e7\u00e3o privilegiada, do seu amplo porto, da sua salubridade, e de reunir melhores condi\u00e7\u00f5es de defesa contra os ataques dos piratas e cors\u00e1rios, no principal n\u00facleo populacional da Prov\u00edncia de Cabo Verde.<\/p>\n\n\n\n<p>Contudo, ainda nos meados do s\u00e9culo XVI, o povoado era insignificante, predominando casas e cabanas de palha \u00e0 volta da Igreja da Nossa Senhora da Gra\u00e7a. Paulatinamente, a Praia da Santa Maria foi absorvendo toda a tecnocracia montada inicialmente na ent\u00e3o titubeante Ribeira Grande. Com efeito, a 14 de agosto de 1612, Felipe II, mandou por alvar\u00e1 que na vila da Praia passasse a residir alternadamente ou o governador ou o bispo, preludiando a transfer\u00eancia em definitivo da sede administrativa e eclesi\u00e1stica para esta vila. No entanto, a confirma\u00e7\u00e3o da Praia como verdadeira capital da Prov\u00edncia de Cabo Verde, s\u00f3 seria realidade em 1770.<\/p>\n\n\n\n<p>A despeito da mudan\u00e7a da capital, a Praia permanecia desprovida de infraestruturas condizentes com a condi\u00e7\u00e3o que ostentava. Deste modo, os governos centrais e locais encetaram esfor\u00e7os, no sentido planificar o desenvolvimento urban\u00edstico da vila, com arruamentos, largos e pra\u00e7as, constru\u00e7\u00f5es de infraestruturas pertinentes como o cais, a alf\u00e2ndega o quartel militar, o hospital, o Pa\u00e7os do Concelho, entre outros. E no que diz respeito \u00e0 higiene, secagem dos principais p\u00e2ntanos que ladeavam a vila, tendo em conta os graves preju\u00edzos que estes acarretavam em mat\u00e9ria de sa\u00fade p\u00fablica.<\/p>\n\n\n\n<p>\u00a0Em 28 de abril de 1855, o governador Arrobas fixou definitivamente a capital da Prov\u00edncia, na vila da Praia, colocando assim termo \u00e0 &#8220;eterna discuss\u00e3o&#8221; em torno da mudan\u00e7a da capital para outras paragens, em virtude da insalubridade que a vila apresentava em \u00e9poca das\u00a0chuvas.<\/p>\n\n\n\n<p>Em 1858, a vila da Praia ascendeu \u00e0 condi\u00e7\u00e3o de cidade, e mais tarde em 1975, com a independ\u00eancia do pa\u00eds, tornou-se Capital de Cabo Verde. Em Maio de 2013 foi elevado a categoria de Patrim\u00f3nio Nacional, pela resolu\u00e7\u00e3o n\u00ba 67\/2013 de 17 de Maio.<\/p>\n\n\n\t\t\t<a id=\"ub-expand-toggle-full-025c5de4-b980-4202-afdf-90a6793b57c9\" class=\"ub-expand-toggle-button\" style=\"text-align: left; \" role=\"button\" aria-expanded=\"true\" aria-controls=\"ub-expand-full-025c5de4-b980-4202-afdf-90a6793b57c9\" tabindex=\"0\">\n\t\t\t\tler menos\n\t\t\t<\/a>\n\t\t<\/div>\n<\/div>","protected":false},"excerpt":{"rendered":"<p>O Centro Hist\u00f3rico da Praia (Plateau) corresponde a um primitivo n\u00facleo populacional, com 28 <\/p>","protected":false},"featured_media":701,"template":"","meta":[],"tags":[13,30],"class_list":["post-1093","monumento-e-sitio","type-monumento-e-sitio","status-publish","has-post-thumbnail","hentry","tag-centro","tag-unesco"],"_links":{"self":[{"href":"https:\/\/ipc.cv\/cv\/wp-json\/wp\/v2\/monumento-e-sitio\/1093","targetHints":{"allow":["GET"]}}],"collection":[{"href":"https:\/\/ipc.cv\/cv\/wp-json\/wp\/v2\/monumento-e-sitio"}],"about":[{"href":"https:\/\/ipc.cv\/cv\/wp-json\/wp\/v2\/types\/monumento-e-sitio"}],"wp:featuredmedia":[{"embeddable":true,"href":"https:\/\/ipc.cv\/cv\/wp-json\/wp\/v2\/media\/701"}],"wp:attachment":[{"href":"https:\/\/ipc.cv\/cv\/wp-json\/wp\/v2\/media?parent=1093"}],"wp:term":[{"taxonomy":"post_tag","embeddable":true,"href":"https:\/\/ipc.cv\/cv\/wp-json\/wp\/v2\/tags?post=1093"}],"curies":[{"name":"wp","href":"https:\/\/api.w.org\/{rel}","templated":true}]}}

Centro Histórico da Praia

<div class="wp-block-ub-expand ub-expand" id="ub-expand-025c5de4-b980-4202-afdf-90a6793b57c9" data-scroll-type="false" data-scroll-amount="" data-scroll-target="">
<div class="ub-expand-portion ub-expand-partial wp-block-ub-expand-portion" id="ub-expand-partial-025c5de4-b980-4202-afdf-90a6793b57c9" aria-hidden="false">
			

<p>O Centro Histórico da Praia (Plateau) corresponde a um primitivo núcleo populacional, com 28 hectares de superfície, situado no planalto naturalmente fortificado de Santa Maria da Vitória, sobranceira ao Porto do mesmo nome, por onde a cidade se emergiu.</p>



<p>Configurou-se de imediato como sítio estratégico militar, permitindo controlar atividades marítimas e comerciais de toda a zona. O sítio alberga atualmente um conjunto significativo do passado colonial cabo-verdiano, constituído de inúmeras infraestruturas de cariz administrativo, militar e religioso, significativamente preservados e confinados nesse reduzido espaço.</p>


			<a id="ub-expand-toggle-partial-025c5de4-b980-4202-afdf-90a6793b57c9" class="ub-expand-toggle-button" style="text-align: left; " role="button" aria-expanded="false" aria-controls="ub-expand-full-025c5de4-b980-4202-afdf-90a6793b57c9" tabindex="0">
				ler mais
			</a>
		</div>

<div class="ub-expand-portion ub-expand-full ub-hide wp-block-ub-expand-portion" id="ub-expand-full-025c5de4-b980-4202-afdf-90a6793b57c9" aria-hidden="true">
			

<p>Com o declínio da Capitania de Alcatraz, a qual pertencia, a Praia de Santa Maria, como era então designada, desenvolveu-se na segunda década do século XVI, passando a ser sede da Capitania do Norte. Ascendeu igualmente à categoria de vila.</p>



<p>Mais tarde, beneficiou de igual modo do declínio da cidade da Ribeira Grande, para se transformar, ao longo dos tempos, devido a sua localização privilegiada, do seu amplo porto, da sua salubridade, e de reunir melhores condições de defesa contra os ataques dos piratas e corsários, no principal núcleo populacional da Província de Cabo Verde.</p>



<p>Contudo, ainda nos meados do século XVI, o povoado era insignificante, predominando casas e cabanas de palha à volta da Igreja da Nossa Senhora da Graça. Paulatinamente, a Praia da Santa Maria foi absorvendo toda a tecnocracia montada inicialmente na então titubeante Ribeira Grande. Com efeito, a 14 de agosto de 1612, Felipe II, mandou por alvará que na vila da Praia passasse a residir alternadamente ou o governador ou o bispo, preludiando a transferência em definitivo da sede administrativa e eclesiástica para esta vila. No entanto, a confirmação da Praia como verdadeira capital da Província de Cabo Verde, só seria realidade em 1770.</p>



<p>A despeito da mudança da capital, a Praia permanecia desprovida de infraestruturas condizentes com a condição que ostentava. Deste modo, os governos centrais e locais encetaram esforços, no sentido planificar o desenvolvimento urbanístico da vila, com arruamentos, largos e praças, construções de infraestruturas pertinentes como o cais, a alfândega o quartel militar, o hospital, o Paços do Concelho, entre outros. E no que diz respeito à higiene, secagem dos principais pântanos que ladeavam a vila, tendo em conta os graves prejuízos que estes acarretavam em matéria de saúde pública.</p>



<p> Em 28 de abril de 1855, o governador Arrobas fixou definitivamente a capital da Província, na vila da Praia, colocando assim termo à &#8220;eterna discussão&#8221; em torno da mudança da capital para outras paragens, em virtude da insalubridade que a vila apresentava em época das chuvas.</p>



<p>Em 1858, a vila da Praia ascendeu à condição de cidade, e mais tarde em 1975, com a independência do país, tornou-se Capital de Cabo Verde. Em Maio de 2013 foi elevado a categoria de Património Nacional, pela resolução nº 67/2013 de 17 de Maio.</p>


			<a id="ub-expand-toggle-full-025c5de4-b980-4202-afdf-90a6793b57c9" class="ub-expand-toggle-button" style="text-align: left; " role="button" aria-expanded="true" aria-controls="ub-expand-full-025c5de4-b980-4202-afdf-90a6793b57c9" tabindex="0">
				ler menos
			</a>
		</div>
</div>

<p>O Centro Histórico da Praia (Plateau) corresponde a um primitivo núcleo populacional, com 28 </p>
