{"id":1086,"date":"2020-08-23T14:11:37","date_gmt":"2020-08-23T15:11:37","guid":{"rendered":"https:\/\/ipc.innovatmedialab.com\/?post_type=monumento-e-sitio&#038;p=1086"},"modified":"2021-07-30T08:52:25","modified_gmt":"2021-07-30T09:52:25","slug":"centro-historico-de-sao-filipe","status":"publish","type":"monumento-e-sitio","link":"https:\/\/ipc.cv\/cv\/monumento-e-sitio\/centro-historico-de-sao-filipe\/","title":{"rendered":"Centro hist\u00f3rico de S\u00e3o Filipe"},"content":{"rendered":"<div class=\"wp-block-ub-expand ub-expand\" id=\"ub-expand-7bb53313-b99b-4386-b645-46e3d0fa13ba\" data-scroll-type=\"false\" data-scroll-amount=\"\" data-scroll-target=\"\">\n<div class=\"ub-expand-portion ub-expand-partial wp-block-ub-expand-portion\" aria-hidden=\"false\" id=\"ub-expand-portion-\">\n\t\t\t\n\n<p>A ilha do Fogo ou a ilha de S\u00e3o Filipe, como era conhecida aquando da descoberta em 1460 pelos portugueses, foi a segunda a ser povoada entre 1470 e 1490.\u00a0A sua ocupa\u00e7\u00e3o foi preconizada por ricos propriet\u00e1rios da Ribeira Grande de Santiago (Cidade Velha), com os seus escravos, no seguimento da carta de limita\u00e7\u00e3o de privil\u00e9gios de 1472, que obrigava os moradores de Santiago a comercializarem, na costa africana, somente produtos origin\u00e1rios da ilha.<\/p>\n\n\n\n<p>N\u00e3o obstante esta limita\u00e7\u00e3o, estes moradores aproveitaram a oportunidade para estender as suas produ\u00e7\u00f5es de algod\u00e3o para ilha do Fogo, sendo este utilizado para comercializa\u00e7\u00e3o na costa africana, mesmo sabendo que estavam infringindo a lei.\u00a0\u00c9 neste contexto que S\u00e3o Filipe surgiu como primeiro centro urbano da ilha, emergindo no espa\u00e7o onde foi constru\u00eddo a capela de S\u00e3o Felipe, local onde hoje fica o denominado \u201ccemit\u00e9rio de baixo\u201d.<\/p>\n\n\n\t\t\t<a id=\"\" class=\"ub-expand-toggle-button\" style=\"text-align: left; \" role=\"button\" aria-expanded=\"false\" aria-controls=\"ub-expand-full-\" tabindex=\"0\">\n\t\t\t\tler mais\n\t\t\t<\/a>\n\t\t<\/div>\n\n<div class=\"ub-expand-portion ub-expand-full ub-hide wp-block-ub-expand-portion\" aria-hidden=\"true\" id=\"ub-expand-portion-\">\n\t\t\t\n\n<p>Enquanto com\u00e9rcio esclavagista na Ribeira Grande (Cidade Velha), S\u00e3o Filipe desempenhou um papel crucial, pois o principal produto de troca no resgate de escravos na costa africana derivava do algod\u00e3o. O pano produzido na ilha do Fogo era muito apreciado no com\u00e9rcio esclavagista, tendo deste modo, levado a Coroa Portuguesa, em 1687, a proibir a sua venda \u00e0s pot\u00eancias mar\u00edtimas concorrentes (Fran\u00e7a, Holanda e Inglaterra).<\/p>\n\n\n\n<p>Entretanto com a decad\u00eancia da Ribeira Grande, no s\u00e9culo XVIII, fez com que S\u00e3o Filipe vivesse um per\u00edodo de decad\u00eancia econ\u00f3mica, levando os grandes propriet\u00e1rios substitu\u00edram a produ\u00e7\u00e3o do algod\u00e3o por outras culturas, entre as quais, leguminosas, vinicultura, caf\u00e9 e purgueira. Assim sendo, S\u00e3o Filipe experimentou um aumento econ\u00f3mico, com a exporta\u00e7\u00e3o do milho e do feij\u00e3o para Madeira e Can\u00e1rias, mas igualmente o caf\u00e9 e o vinho, sendo este \u00faltimo muito apreciado no mercado brasileiro.<\/p>\n\n\n\n<p>Desta forma, a produ\u00e7\u00e3o e a exporta\u00e7\u00e3o da ilha permitiram o enriquecimento da elite local, com repercuss\u00f5es significativas a n\u00edvel do edificado urbano de S\u00e3o Filipe, caso concreto dos sobrados, que dominam a malha urbana deste centro hist\u00f3rico.<\/p>\n\n\n\n<p class=\"translation-block\">O Centro Hist\u00f3rico de S\u00e3o Filipe foi inscrito na&nbsp;<a href=\"https:\/\/whc.unesco.org\/en\/tentativelists\/state=cv\" target=\"_blank\" rel=\"noreferrer noopener\">Lista Indicativa<\/a>&nbsp;de Cabo Verde para UNESCO a 16 de mar\u00e7o de 2016, pelos crit\u00e9rios IV e VI.<\/p>\n\n\n\t\t\t<a id=\"\" class=\"ub-expand-toggle-button\" style=\"text-align: left; \" role=\"button\" aria-expanded=\"true\" aria-controls=\"ub-expand-full-\" tabindex=\"0\">\n\t\t\t\tler menos\n\t\t\t<\/a>\n\t\t<\/div>\n<\/div>","protected":false},"excerpt":{"rendered":"<p>A ilha do Fogo ou a ilha de S\u00e3o Filipe, como era conhecida aquando da descoberta em 1460 pelos portugueses,<\/p>","protected":false},"featured_media":700,"template":"","meta":[],"tags":[13,30],"class_list":["post-1086","monumento-e-sitio","type-monumento-e-sitio","status-publish","has-post-thumbnail","hentry","tag-centro","tag-unesco"],"_links":{"self":[{"href":"https:\/\/ipc.cv\/cv\/wp-json\/wp\/v2\/monumento-e-sitio\/1086","targetHints":{"allow":["GET"]}}],"collection":[{"href":"https:\/\/ipc.cv\/cv\/wp-json\/wp\/v2\/monumento-e-sitio"}],"about":[{"href":"https:\/\/ipc.cv\/cv\/wp-json\/wp\/v2\/types\/monumento-e-sitio"}],"wp:featuredmedia":[{"embeddable":true,"href":"https:\/\/ipc.cv\/cv\/wp-json\/wp\/v2\/media\/700"}],"wp:attachment":[{"href":"https:\/\/ipc.cv\/cv\/wp-json\/wp\/v2\/media?parent=1086"}],"wp:term":[{"taxonomy":"post_tag","embeddable":true,"href":"https:\/\/ipc.cv\/cv\/wp-json\/wp\/v2\/tags?post=1086"}],"curies":[{"name":"wp","href":"https:\/\/api.w.org\/{rel}","templated":true}]}}

Centro histórico de São Filipe

<div class="wp-block-ub-expand ub-expand" id="ub-expand-7bb53313-b99b-4386-b645-46e3d0fa13ba" data-scroll-type="false" data-scroll-amount="" data-scroll-target="">
<div class="ub-expand-portion ub-expand-partial wp-block-ub-expand-portion" aria-hidden="false" id="ub-expand-portion-">
			

<p>A ilha do Fogo ou a ilha de São Filipe, como era conhecida aquando da descoberta em 1460 pelos portugueses, foi a segunda a ser povoada entre 1470 e 1490. A sua ocupação foi preconizada por ricos proprietários da Ribeira Grande de Santiago (Cidade Velha), com os seus escravos, no seguimento da carta de limitação de privilégios de 1472, que obrigava os moradores de Santiago a comercializarem, na costa africana, somente produtos originários da ilha.</p>



<p>Não obstante esta limitação, estes moradores aproveitaram a oportunidade para estender as suas produções de algodão para ilha do Fogo, sendo este utilizado para comercialização na costa africana, mesmo sabendo que estavam infringindo a lei. É neste contexto que São Filipe surgiu como primeiro centro urbano da ilha, emergindo no espaço onde foi construído a capela de São Felipe, local onde hoje fica o denominado “cemitério de baixo”.</p>


			<a id="" class="ub-expand-toggle-button" style="text-align: left; " role="button" aria-expanded="false" aria-controls="ub-expand-full-" tabindex="0">
				ler mais
			</a>
		</div>

<div class="ub-expand-portion ub-expand-full ub-hide wp-block-ub-expand-portion" aria-hidden="true" id="ub-expand-portion-">
			

<p>Enquanto comércio esclavagista na Ribeira Grande (Cidade Velha), São Filipe desempenhou um papel crucial, pois o principal produto de troca no resgate de escravos na costa africana derivava do algodão. O pano produzido na ilha do Fogo era muito apreciado no comércio esclavagista, tendo deste modo, levado a Coroa Portuguesa, em 1687, a proibir a sua venda às potências marítimas concorrentes (França, Holanda e Inglaterra).</p>



<p>Entretanto com a decadência da Ribeira Grande, no século XVIII, fez com que São Filipe vivesse um período de decadência económica, levando os grandes proprietários substituíram a produção do algodão por outras culturas, entre as quais, leguminosas, vinicultura, café e purgueira. Assim sendo, São Filipe experimentou um aumento económico, com a exportação do milho e do feijão para Madeira e Canárias, mas igualmente o café e o vinho, sendo este último muito apreciado no mercado brasileiro.</p>



<p>Desta forma, a produção e a exportação da ilha permitiram o enriquecimento da elite local, com repercussões significativas a nível do edificado urbano de São Filipe, caso concreto dos sobrados, que dominam a malha urbana deste centro histórico.</p>



<p class="translation-block">O Centro Histórico de São Filipe foi inscrito na&nbsp;<a href="https://whc.unesco.org/en/tentativelists/state=cv" target="_blank" rel="noreferrer noopener">Lista Indicativa</a>&nbsp;de Cabo Verde para UNESCO a 16 de março de 2016, pelos critérios IV e VI.</p>


			<a id="" class="ub-expand-toggle-button" style="text-align: left; " role="button" aria-expanded="true" aria-controls="ub-expand-full-" tabindex="0">
				ler menos
			</a>
		</div>
</div>

<p>A ilha do Fogo ou a ilha de São Filipe, como era conhecida aquando da descoberta em 1460 pelos portugueses,</p>
